{"id":673,"date":"2025-01-17T05:34:40","date_gmt":"2025-01-17T05:34:40","guid":{"rendered":"https:\/\/www.kulturelleserbe-rlp.de\/?page_id=673"},"modified":"2025-10-14T06:26:21","modified_gmt":"2025-10-14T06:26:21","slug":"befestigungsanlage-rheinschanze-auf-der-rheinschatzinsel-gegenuber-von-philippsburg","status":"publish","type":"page","link":"https:\/\/www.kulturelleserbe-rlp.de\/?page_id=673","title":{"rendered":"Befestigungsanlage Rheinschanze auf der Rheinschanzinsel zwischen Philippsburg und Mechtersheim"},"content":{"rendered":"\n<h3 class=\"wp-block-heading\">Lost Places in <a href=\"https:\/\/www.kuladig.de\/Objektansicht\/KLD-356500\">R\u00f6merberg<\/a><\/h3>\n\n\n\n<p><\/p>\n\n\n\n<div class=\"wp-block-group alignfull has-accent-background-color has-background has-global-padding is-layout-constrained wp-container-core-group-is-layout-669513ed wp-block-group-is-layout-constrained\" style=\"margin-top:0;margin-bottom:0;padding-top:var(--wp--preset--spacing--50);padding-right:var(--wp--preset--spacing--50);padding-bottom:var(--wp--preset--spacing--50);padding-left:var(--wp--preset--spacing--50)\">\n<div class=\"wp-block-columns alignwide is-layout-flex wp-container-core-columns-is-layout-1da03c2a wp-block-columns-is-layout-flex\">\n<div class=\"wp-block-column is-vertically-aligned-stretch is-layout-flow wp-block-column-is-layout-flow\" style=\"flex-basis:50%\">\n<div class=\"wp-block-group is-vertical is-content-justification-stretch is-layout-flex wp-container-core-group-is-layout-444d5ee8 wp-block-group-is-layout-flex\" style=\"min-height:100%\">\n<p class=\"has-heading-font-family has-x-large-font-size\" style=\"line-height:1.2\">Zu einer Festungsanlage im 17. und 18. Jahrhundert geh\u00f6rten in der n\u00e4heren Umgebung weitere Bastionen zur Verteidigung der Festung. Gegen\u00fcber von Philippsburg, \u00f6stlich von Mechtersheim in einem fr\u00fcheren Bogen des Altrheins, lag ein solches Bauwerk, genannt Rheinschanze. Relikte dieser Anlage lassen sich noch heute entdecken.<\/p>\n\n\n\n<p>Durch die Begradigung des Rheins ab 1834 kam die urspr\u00fcnglich pf\u00e4lzische Rheinschanzinsel zum Herzogtum Baden. F\u00fcr Mechtersheim gingen dadurch Ackerland und Wiesen verloren. Auf der jetzt badischen \u201eRheinschanzinsel\u201c lassen sich aber noch einzelne Relikte entdecken. Von der pf\u00e4lzischen Seite bleibt heute nur noch der Blick auf die Reste des ehemalige Kernkraftwerks, das 1976 auf der Rheinschanzinsel errichtet und 2019 stillgelegt wurde.<\/p>\n\n\n\n<div class=\"wp-block-group has-global-padding is-content-justification-left is-layout-constrained wp-container-core-group-is-layout-9fe8ed88 wp-block-group-is-layout-constrained\">\n<div class=\"wp-block-buttons is-layout-flex wp-block-buttons-is-layout-flex\">\n<div class=\"wp-block-button\"><a class=\"wp-block-button__link wp-element-button\" href=\"https:\/\/www.kuladig.de\/Objektansicht\/KLD-355874\" target=\"_blank\" rel=\"noreferrer noopener\">Zum KuLaDig-Objekt<\/a><\/div>\n<\/div>\n<\/div>\n<\/div>\n<\/div>\n\n\n\n<div class=\"wp-block-column is-vertically-aligned-center is-layout-flow wp-block-column-is-layout-flow\" style=\"flex-basis:50%\">\n<figure class=\"wp-block-image size-full is-resized is-style-rounded is-style-rounded--1\"><img fetchpriority=\"high\" decoding=\"async\" width=\"414\" height=\"590\" src=\"https:\/\/www.kulturelleserbe-rlp.de\/wp-content\/uploads\/2025\/01\/philippsburg-1688.jpg\" alt=\"\" class=\"wp-image-677\" style=\"aspect-ratio:0.75;object-fit:cover;width:588px;height:auto\" srcset=\"https:\/\/www.kulturelleserbe-rlp.de\/wp-content\/uploads\/2025\/01\/philippsburg-1688.jpg 414w, https:\/\/www.kulturelleserbe-rlp.de\/wp-content\/uploads\/2025\/01\/philippsburg-1688-211x300.jpg 211w\" sizes=\"(max-width: 414px) 100vw, 414px\" \/><\/figure>\n<\/div>\n<\/div>\n\n\n\n<p><\/p>\n<\/div>\n\n\n\n<div class=\"wp-block-group alignfull has-base-background-color has-background has-global-padding is-layout-constrained wp-container-core-group-is-layout-d89aad35 wp-block-group-is-layout-constrained\" style=\"margin-top:0;margin-bottom:0;padding-top:var(--wp--preset--spacing--50);padding-right:var(--wp--preset--spacing--50);padding-bottom:var(--wp--preset--spacing--50);padding-left:var(--wp--preset--spacing--50)\">\n<div class=\"wp-block-columns alignwide is-layout-flex wp-container-core-columns-is-layout-549b0c86 wp-block-columns-is-layout-flex\">\n<div class=\"wp-block-column is-layout-flow wp-block-column-is-layout-flow\">\n<figure class=\"wp-block-gallery has-nested-images columns-default is-cropped wp-block-gallery-2 is-layout-flex wp-block-gallery-is-layout-flex\">\n<figure class=\"wp-block-image size-large\"><img decoding=\"async\" width=\"1024\" height=\"646\" data-id=\"706\" src=\"https:\/\/www.kulturelleserbe-rlp.de\/wp-content\/uploads\/2025\/01\/Vespa.jpg\" alt=\"\" class=\"wp-image-706\" srcset=\"https:\/\/www.kulturelleserbe-rlp.de\/wp-content\/uploads\/2025\/01\/Vespa.jpg 1024w, https:\/\/www.kulturelleserbe-rlp.de\/wp-content\/uploads\/2025\/01\/Vespa-300x189.jpg 300w, https:\/\/www.kulturelleserbe-rlp.de\/wp-content\/uploads\/2025\/01\/Vespa-768x485.jpg 768w\" sizes=\"(max-width: 1024px) 100vw, 1024px\" \/><\/figure>\n\n\n\n<figure class=\"wp-block-image size-large\"><img decoding=\"async\" width=\"1024\" height=\"646\" data-id=\"707\" src=\"https:\/\/www.kulturelleserbe-rlp.de\/wp-content\/uploads\/2025\/01\/Vespa2.jpg\" alt=\"\" class=\"wp-image-707\" srcset=\"https:\/\/www.kulturelleserbe-rlp.de\/wp-content\/uploads\/2025\/01\/Vespa2.jpg 1024w, https:\/\/www.kulturelleserbe-rlp.de\/wp-content\/uploads\/2025\/01\/Vespa2-300x189.jpg 300w, https:\/\/www.kulturelleserbe-rlp.de\/wp-content\/uploads\/2025\/01\/Vespa2-768x485.jpg 768w\" sizes=\"(max-width: 1024px) 100vw, 1024px\" \/><\/figure>\n<\/figure>\n\n\n\n<p>Moderner Nachbau der urspr\u00fcnglichen Schanzanlagen auf der Rheinschanzinsel bei Philippsburg und Mechtersheim (links). Man sieht die Terassierung in der Landschaft. Ruinen des Baubestandes auf der Rheinschanzinsel zwischen Philippsburg und Mechtersheim (rechts). Teilweise sind die Geb\u00e4ude sehr alt gewesen und verfallen zusehends (Bilder: Hartwig Humbert, 2025).<\/p>\n<\/div>\n<\/div>\n<\/div>\n\n\n\n<div class=\"wp-block-group alignfull has-base-background-color has-background has-global-padding is-layout-constrained wp-container-core-group-is-layout-d89aad35 wp-block-group-is-layout-constrained\" style=\"margin-top:0;margin-bottom:0;padding-top:var(--wp--preset--spacing--50);padding-right:var(--wp--preset--spacing--50);padding-bottom:var(--wp--preset--spacing--50);padding-left:var(--wp--preset--spacing--50)\">\n<div class=\"wp-block-columns alignwide is-layout-flex wp-container-core-columns-is-layout-549b0c86 wp-block-columns-is-layout-flex\">\n<div class=\"wp-block-column is-layout-flow wp-block-column-is-layout-flow\">\n<h2 class=\"wp-block-heading\"><strong><strong><strong>Der Speyerer Bischof gr\u00fcndet die Festung Philippsburg<\/strong><\/strong><\/strong><\/h2>\n\n\n\n<div class=\"wp-block-columns is-layout-flex wp-container-core-columns-is-layout-28f84493 wp-block-columns-is-layout-flex\">\n<div class=\"wp-block-column is-layout-flow wp-block-column-is-layout-flow\">\n<figure class=\"wp-block-image size-large\"><img loading=\"lazy\" decoding=\"async\" width=\"768\" height=\"1024\" src=\"https:\/\/www.kulturelleserbe-rlp.de\/wp-content\/uploads\/2025\/01\/Philipp_Christoph_von_Soetern-768x1024.jpg\" alt=\"\" class=\"wp-image-695\" srcset=\"https:\/\/www.kulturelleserbe-rlp.de\/wp-content\/uploads\/2025\/01\/Philipp_Christoph_von_Soetern-768x1023.jpg 768w, https:\/\/www.kulturelleserbe-rlp.de\/wp-content\/uploads\/2025\/01\/Philipp_Christoph_von_Soetern-225x300.jpg 225w, https:\/\/www.kulturelleserbe-rlp.de\/wp-content\/uploads\/2025\/01\/Philipp_Christoph_von_Soetern.jpg 800w\" sizes=\"(max-width: 768px) 100vw, 768px\" \/><figcaption class=\"wp-element-caption\"><mark style=\"background-color:rgba(0, 0, 0, 0)\" class=\"has-inline-color has-custom-color-1-color\">Philipp Christoph von S\u00f6tern nach einem Stich von Matth\u00e4us Merian um 1650 (Bild: Gemeinfrei)<\/mark><\/figcaption><\/figure>\n<\/div>\n\n\n\n<div class=\"wp-block-column is-layout-flow wp-block-column-is-layout-flow\">\n<p>1615 bis 1623 baute der Speyerer Bischof Christoph Philipp von S\u00f6tern, bedroht durch die umliegenden protestantischen Territorien, den Ort Udenheim zur Festung aus und benannte sie nach seinem Vornamen. Im 30-j\u00e4hrigen Krieg wechselte Philippsburg mehrmals den Besitzer und wurde mal durch die Kurpfalz, dann durch Frankreich, dann durch die kaiserliche Armee, schlie\u00dflich durch Schweden, dann wieder kaiserlich und erneut durch Frankreich erobert. Nach dem Krieg baute Frankreich die Festung weiter aus und <\/p>\n\n\n\n<p><\/p>\n\n\n\n<p><br><\/p>\n<\/div>\n\n\n\n<div class=\"wp-block-column is-layout-flow wp-block-column-is-layout-flow\">\n<p>errichtete auch die Rheinschanze (\u201eFort du Rhin\u201c) auf der Westseite des Flusses. 1676 bezwang das Deutsche Reich das st\u00f6rende Einfallstor der Franzosen, diese gewannen die Festung jedoch 1688 wieder zur\u00fcck. Durch die vielf\u00e4ltigen kriegerischen Auseinandersetzungen finden sich in den Archiven die verschiedensten milit\u00e4rischen Karten, auf denen die Rheinschanze, die umgebenden Orte sowie Br\u00fccken \u00fcber den Rhein, h\u00e4ufig detailliert abgebildet sind.<\/p>\n<\/div>\n<\/div>\n<\/div>\n<\/div>\n\n\n\n<p><\/p>\n<\/div>\n\n\n\n<div class=\"wp-block-group alignfull has-accent-5-background-color has-background has-global-padding is-layout-constrained wp-container-core-group-is-layout-d89aad35 wp-block-group-is-layout-constrained\" style=\"margin-top:0;margin-bottom:0;padding-top:var(--wp--preset--spacing--50);padding-right:var(--wp--preset--spacing--50);padding-bottom:var(--wp--preset--spacing--50);padding-left:var(--wp--preset--spacing--50)\">\n<figure class=\"wp-block-gallery alignwide has-nested-images columns-default is-cropped wp-block-gallery-3 is-layout-flex wp-block-gallery-is-layout-flex\">\n<figure class=\"wp-block-image size-large\"><img loading=\"lazy\" decoding=\"async\" width=\"879\" height=\"637\" data-id=\"678\" src=\"https:\/\/www.kulturelleserbe-rlp.de\/wp-content\/uploads\/2025\/01\/karte-von-1636.jpg\" alt=\"\" class=\"wp-image-678\" srcset=\"https:\/\/www.kulturelleserbe-rlp.de\/wp-content\/uploads\/2025\/01\/karte-von-1636.jpg 879w, https:\/\/www.kulturelleserbe-rlp.de\/wp-content\/uploads\/2025\/01\/karte-von-1636-300x217.jpg 300w, https:\/\/www.kulturelleserbe-rlp.de\/wp-content\/uploads\/2025\/01\/karte-von-1636-768x557.jpg 768w\" sizes=\"(max-width: 879px) 100vw, 879px\" \/><\/figure>\n\n\n\n<figure class=\"wp-block-image size-large\"><img loading=\"lazy\" decoding=\"async\" width=\"1024\" height=\"672\" data-id=\"691\" src=\"https:\/\/www.kulturelleserbe-rlp.de\/wp-content\/uploads\/2025\/01\/karte-eigendliche-delineation-1024x672.jpg\" alt=\"\" class=\"wp-image-691\" srcset=\"https:\/\/www.kulturelleserbe-rlp.de\/wp-content\/uploads\/2025\/01\/karte-eigendliche-delineation-1024x672.jpg 1024w, https:\/\/www.kulturelleserbe-rlp.de\/wp-content\/uploads\/2025\/01\/karte-eigendliche-delineation-300x197.jpg 300w, https:\/\/www.kulturelleserbe-rlp.de\/wp-content\/uploads\/2025\/01\/karte-eigendliche-delineation-768x504.jpg 768w, https:\/\/www.kulturelleserbe-rlp.de\/wp-content\/uploads\/2025\/01\/karte-eigendliche-delineation.jpg 1200w\" sizes=\"(max-width: 1024px) 100vw, 1024px\" \/><\/figure>\n<\/figure>\n\n\n\n<p>Die deutschen Karte &#8220;der f\u00fcrtrefflichen Vestung Philippsburg&#8221; von 1636 (links) mit der linksrheinischen Hauptbastion als drittes Lager auf der Mechtersheimer Aue, gef\u00e4llte B\u00e4ume dienen als Brustwehr und entlang des Rheins ist ein Laufgraben angelegt. Die ebenfalls deutsche Karte (rechts) zeigt die Belagerung der Festung Philippsburg im Jahre 1676.<\/p>\n<\/div>\n\n\n\n<div class=\"wp-block-group alignfull has-base-background-color has-background has-global-padding is-layout-constrained wp-container-core-group-is-layout-d89aad35 wp-block-group-is-layout-constrained\" style=\"margin-top:0;margin-bottom:0;padding-top:var(--wp--preset--spacing--50);padding-right:var(--wp--preset--spacing--50);padding-bottom:var(--wp--preset--spacing--50);padding-left:var(--wp--preset--spacing--50)\">\n<div class=\"wp-block-columns alignwide is-layout-flex wp-container-core-columns-is-layout-549b0c86 wp-block-columns-is-layout-flex\">\n<div class=\"wp-block-column is-layout-flow wp-block-column-is-layout-flow\">\n<p><\/p>\n\n\n\n<h2 class=\"wp-block-heading\"><strong><strong><strong>Der Rhein als Grenze, Zollhaus und H\u00f6fe bei der Rheinschanze<\/strong><\/strong><\/strong><\/h2>\n\n\n\n<div class=\"wp-block-columns is-layout-flex wp-container-core-columns-is-layout-28f84493 wp-block-columns-is-layout-flex\">\n<div class=\"wp-block-column is-layout-flow wp-block-column-is-layout-flow\">\n<p>Immer wieder war der Rhein Grenze verschiedener Herrschaftsgebiete. Der \u00dcbergang bei Mechtersheim per F\u00e4hre wurde h\u00e4ufig genutzt, so dass dort eine Zollstation eingerichtet wurde. Von Philippsburg aus f\u00fchrte damals eine Stra\u00dfe \u00fcber den Mechtersheimer Hof nach Landau, auf der wohl reger Verkehr herrschte. Die Erhebung des Zolls war f\u00fcr die Kurpfalz eine wichtige Einnahmequelle. Ein \u201eSchatzungs-belagsregister\u201c von 1718 nennt den Zoller Johannes Gerwind als Insasse des Mechters-heimer Hofes. Offensichtlich war er gegen\u00fcber den Grundherren nicht schatzungspflichtig, er musste also keine Steuern von seinen land-wirtschaftlichen Ertr\u00e4gen zahlen, sechs Morgen waren ihm zur Bebauung zur Verf\u00fcgung gestellt worden. Heu und Gras konnte er f\u00fcr sein Vieh unentgeltlich in Anspruch nehmen. Sein Haus und Wirtschaftsgeb\u00e4ude musste er allerdings auf eigene Kosten errichten. Namentlich bekannt ist <\/p>\n<\/div>\n\n\n\n<div class=\"wp-block-column is-layout-flow wp-block-column-is-layout-flow\">\n<p>uns auch der K\u00fcfer Johannes Lehmann (gest. 1755) als Z\u00f6llner auf der Rheinschanze. Lukrativ war es wohl auch, f\u00fcr die auf den F\u00e4hrmann Wartenden eine Gastst\u00e4tte (\u201eZur Rheinschanze\u201c) einzurichten. Genannt als Wirt und \u201echurpf\u00e4lzischer Zoller und Gerichtsverwandter\u201c wird dort auch der Zeiskamer Johann Jakob von Gerichten (1681 &#8211; 1757). Namentlich erscheint zu dieser Zeit auch eine Person namens K\u00e4mmerer als Zolleinnehmer der Kurpfalz und P\u00e4chter der Rheinschanzen\u00e4cker. Wohl ein Verwandter des oben Genannten mit gleichem Namen, Johann Jakob von Gerichten (1681 &#8211; 1757). Namentlich erscheint zu dieser Zeit auch eine Person namens K\u00e4mmerer als Zolleinnehmer der Kurpfalz und P\u00e4chter der Rheinschanzen\u00e4cker. Wohl ein Verwandter des oben Genannten mit gleichem Namen, Johann Jakob von Gerichten (1757 &#8211; 1814), jedoch aus Offenbach geb\u00fcrtig und mit <\/p>\n<\/div>\n\n\n\n<div class=\"wp-block-column is-layout-flow wp-block-column-is-layout-flow\">\n<p>einer Mechtersheimerin verheiratet, wird als Schafhalter und P\u00e4chter \u201eauf der Rheinschanze\u201c genannt. Die Gemarkung Schafwiesen findet sich heute noch linksrheinisch gegen\u00fcber der Rheinschanzinsel. Auf der Halbinsel lagen die Hammelst\u00fccker. Letztlich entstanden drei Bauern- oder Gutsh\u00f6fe auf dem gesamten Gel\u00e4nde: der Karlshof, der Mittelhof und der Hof bei der ehemaligen Rheinschanze. Eine Zuordnung der P\u00e4chter oder Besitzer der einzelnen H\u00f6fe ist aus den Akten nicht immer eindeutig zuzuordnen. Als Ackersleute und Wirte kamen Georg Jakob B\u00fchler aus Schwegenheim (1784 &#8211; 1818) und Konrad Voltz aus Weingarten (1780 &#8211; 1852), ersterer als Gutsbesitzer, der zweite als P\u00e4chter auf die Rheinschanze. Danach werden auch noch Adam Moos (Ackersmann) und erneut ein Johannes Lehmann (Ackersmann und Wirt), ein Mennonit, bei der Rheinschanze genannt.<\/p>\n<\/div>\n<\/div>\n<\/div>\n<\/div>\n\n\n\n<figure class=\"wp-block-image aligncenter size-full is-resized\"><img loading=\"lazy\" decoding=\"async\" width=\"887\" height=\"586\" src=\"https:\/\/www.kulturelleserbe-rlp.de\/wp-content\/uploads\/2025\/01\/zollhaus-an-der-rheinschanze.jpg\" alt=\"\" class=\"wp-image-685\" style=\"width:800px;height:auto\" srcset=\"https:\/\/www.kulturelleserbe-rlp.de\/wp-content\/uploads\/2025\/01\/zollhaus-an-der-rheinschanze.jpg 887w, https:\/\/www.kulturelleserbe-rlp.de\/wp-content\/uploads\/2025\/01\/zollhaus-an-der-rheinschanze-300x198.jpg 300w, https:\/\/www.kulturelleserbe-rlp.de\/wp-content\/uploads\/2025\/01\/zollhaus-an-der-rheinschanze-768x507.jpg 768w\" sizes=\"(max-width: 887px) 100vw, 887px\" \/><figcaption class=\"wp-element-caption\"><mark style=\"background-color:rgba(0, 0, 0, 0)\" class=\"has-inline-color has-custom-color-1-color\">                                           Unterhalb der Rheinschanze ist auf diesem Kartenausschnitt das Zollhaus verortet. <\/mark><\/figcaption><\/figure>\n<\/div>\n\n\n\n<div class=\"wp-block-group alignfull has-base-background-color has-background has-global-padding is-layout-constrained wp-container-core-group-is-layout-d89aad35 wp-block-group-is-layout-constrained\" style=\"margin-top:0;margin-bottom:0;padding-top:var(--wp--preset--spacing--50);padding-right:var(--wp--preset--spacing--50);padding-bottom:var(--wp--preset--spacing--50);padding-left:var(--wp--preset--spacing--50)\">\n<div class=\"wp-block-columns alignwide is-layout-flex wp-container-core-columns-is-layout-549b0c86 wp-block-columns-is-layout-flex\">\n<div class=\"wp-block-column is-layout-flow wp-block-column-is-layout-flow\">\n<h2 class=\"wp-block-heading\"><strong><strong><strong>Ende der Festung und Nutzung als &#8220;Schmuggler-Nest<\/strong><\/strong><\/strong>&#8220;<\/h2>\n\n\n\n<div class=\"wp-block-columns is-layout-flex wp-container-core-columns-is-layout-28f84493 wp-block-columns-is-layout-flex\">\n<div class=\"wp-block-column is-layout-flow wp-block-column-is-layout-flow\">\n<p>Durch den Frieden von Ryswijk, der den Pf\u00e4lzischen Erbfolgekrieg beendete, war Philippsburg wieder an das Deutsche Reich gekommen. 1734, nach erneuten K\u00e4mpfen um die Festung, bei denen die Bev\u00f6lkerung links und rechts des Rheins viel erdulden musste und die Kampfhandlungen 30.000 Todesopfer gekostet haben sollen, musste man erneut vor den Franzosen kapitulieren, die jedoch drei Jahre sp\u00e4ter wieder abzogen. Nach sechs Jahrzehnten in deutscher Hand belagerten die franz\u00f6sischen Revolutionstruppen im September 1799 wieder die Festung. Es kam es zu einem 6-t\u00e4gigen Bombardement, die mit der totalen Zerst\u00f6rung  s\u00e4mtlicher Geb\u00e4ude endete. Nach dem Frieden von Lun\u00e9ville 1801 befahl Napoleon die Festung dem Erdboden gleichzumachen. Dies bedeutete auch das Ende der Rheinschanz-Anlagen. Nach dem Wiener Kongress 1815 und mit dem Vertrag von M\u00fcnchen 1816 kam der linksrheinische Teil der Kurpfalz an Bayern, Speyer wurde <\/p>\n<\/div>\n\n\n\n<div class=\"wp-block-column is-layout-flow wp-block-column-is-layout-flow\">\n<p>Bezirkshauptstadt. Die rechtsrheinische Kurpfalz war dem badischen Gro\u00dfherzogtum zugesprochen worden. So war und ist der Rhein weiterhin Grenze.<\/p>\n\n\n\n<p>Mehrere umfangreiche Schmuggleraktivit\u00e4ten musste das \u201eK\u00f6nigl. Oberzoll- und Hallamt\u201c in Speyer im Juli 1833 feststellen. Die \u201eK\u00f6nigl. Schutzwache von Mechtersheim\u201c beschlagnahmte \u201emorgens 3 Uhr, auf dem Wege von Lingenfeld nach Heiligenstein von einer 20 Mann starken Schw\u00e4rzerrotte 12 Kistchen Kandis [von] 440 Pfund [Gewicht] \u2026 und 6 S\u00e4cke Zucker, 438 Pfund\u201c. Am n\u00e4chsten Morgen \u201e9 Uhr, am schwarzen Hamm in einem Sack Gras 2 Brod Melis zu 10 Pfund\u201c. Auch diese \u201eSchw\u00e4rzer\u201c waren entflohen, die beiden Zuckerh\u00fcte zur Beschlagnahme beim Oberzollamt in Speyer abgeliefert worden. Zwei Tage sp\u00e4ter konnte die Mechtersheimer Zollschutzmannschaft auf einem Feldweg von einem weiteren \u201eentflohenen<\/p>\n<\/div>\n\n\n\n<div class=\"wp-block-column is-layout-flow wp-block-column-is-layout-flow\">\n<p>Schw\u00e4rzer, welcher in einer Grasb\u00fcrde ein Sack Kaffee zu 43 Pfund \u2026 versteckt hatte\u201c, in Beschlag nehmen und abliefern. Die \u201eunbekannten Eigenth\u00fcmer [!] dieser Waare [<a href=\"wurden\">!<\/a>] aufgefordert, sich binnen sechs Monaten zu melden und ihre Anspr\u00fcche nachzuweisen\u201c. Ende des Folgejahres wurden erneut am \u201eAbend sechs Uhr, vier S\u00e4cke Zucker, 196 Pfund, dann heute fr\u00fch zwei Uhr, 1 Sack Zucker, 46 Pfund, im Wiesengrunde bei Mechtersheim\u201c entflohenen Schw\u00e4rzern abgenommen. Rechts und links des Rheins wurde in der ersten H\u00e4lfte des 19. Jahrhunderts h\u00e4ufig von solchen Schmuggelaktivit\u00e4ten berichtet. Die Bezeichnung \u201eSchw\u00e4rzen\u201c entstand, weil sich die Schmuggler h\u00e4ufig durch Schw\u00e4rzen des Gesichts unkenntlich machten. Der Zucker in unterschiedlichster Form sowie Kaffee scheint jedenfalls ein lohnendes Schmuggelgut gewesen zu sein.<\/p>\n<\/div>\n<\/div>\n<\/div>\n<\/div>\n<\/div>\n\n\n\n<div class=\"wp-block-group alignfull has-accent-5-background-color has-background has-global-padding is-layout-constrained wp-container-core-group-is-layout-d89aad35 wp-block-group-is-layout-constrained\" style=\"margin-top:0;margin-bottom:0;padding-top:var(--wp--preset--spacing--50);padding-right:var(--wp--preset--spacing--50);padding-bottom:var(--wp--preset--spacing--50);padding-left:var(--wp--preset--spacing--50)\">\n<h2 class=\"wp-block-heading\"><strong>Ver\u00e4nderte Situation durch die Rheinbegradigung<\/strong><\/h2>\n\n\n\n<div class=\"wp-block-columns is-layout-flex wp-container-core-columns-is-layout-28f84493 wp-block-columns-is-layout-flex\">\n<div class=\"wp-block-column is-layout-flow wp-block-column-is-layout-flow\">\n<p>Durch die ab 1817 begonnene Rheinbe-gradigung und den Ende der 1830er Jahre vollendeten Mechtersheimer Durchstich ver\u00e4n-derte sich der Zugang zur Rheinschanze, der auf dem Landweg von Mechtersheim aus nicht mehr m\u00f6glich war. Die Rheinschanzinsel wurde badisch. <\/p>\n<\/div>\n\n\n\n<div class=\"wp-block-column is-layout-flow wp-block-column-is-layout-flow\">\n<p>Die Mechtersheimer Landwirte verkauften ihre Felder, etwa 400 ha, an Philippsburger Bewohner. Als Geb\u00e4ude erhalten geblieben sind der Mittel- und der Unterhof, deren Gel\u00e4nde heute von einer Pilzzuchtfirma genutzt wird.<\/p>\n<\/div>\n<\/div>\n\n\n\n<p><\/p>\n\n\n\n<figure class=\"wp-block-gallery alignwide has-nested-images columns-default is-cropped wp-block-gallery-4 is-layout-flex wp-block-gallery-is-layout-flex\">\n<figure class=\"wp-block-image size-full\"><img loading=\"lazy\" decoding=\"async\" width=\"782\" height=\"595\" data-id=\"702\" src=\"https:\/\/www.kulturelleserbe-rlp.de\/wp-content\/uploads\/2025\/01\/Karte-aus-dem-Jahr-1688.jpg\" alt=\"\" class=\"wp-image-702\" srcset=\"https:\/\/www.kulturelleserbe-rlp.de\/wp-content\/uploads\/2025\/01\/Karte-aus-dem-Jahr-1688.jpg 782w, https:\/\/www.kulturelleserbe-rlp.de\/wp-content\/uploads\/2025\/01\/Karte-aus-dem-Jahr-1688-300x228.jpg 300w, https:\/\/www.kulturelleserbe-rlp.de\/wp-content\/uploads\/2025\/01\/Karte-aus-dem-Jahr-1688-768x584.jpg 768w\" sizes=\"(max-width: 782px) 100vw, 782px\" \/><\/figure>\n\n\n\n<figure class=\"wp-block-image size-large\"><img loading=\"lazy\" decoding=\"async\" width=\"1024\" height=\"602\" data-id=\"701\" src=\"https:\/\/www.kulturelleserbe-rlp.de\/wp-content\/uploads\/2025\/01\/rheinschanzinsel-1024x602.png\" alt=\"\" class=\"wp-image-701\" srcset=\"https:\/\/www.kulturelleserbe-rlp.de\/wp-content\/uploads\/2025\/01\/rheinschanzinsel-1024x602.png 1024w, https:\/\/www.kulturelleserbe-rlp.de\/wp-content\/uploads\/2025\/01\/rheinschanzinsel-300x176.png 300w, https:\/\/www.kulturelleserbe-rlp.de\/wp-content\/uploads\/2025\/01\/rheinschanzinsel-768x451.png 768w, https:\/\/www.kulturelleserbe-rlp.de\/wp-content\/uploads\/2025\/01\/rheinschanzinsel.png 1355w\" sizes=\"(max-width: 1024px) 100vw, 1024px\" \/><\/figure>\n<\/figure>\n\n\n\n<p>Die Karte aus dem Jahr 1688 (links) zeigt die umfangreichen franz\u00f6sischen Quartiere rund um Philippsburg, eine feste (?) Bootsbr\u00fccke unterhalb von Mechtersheim (&#8220;P[etite] Hollande&#8221;) und die Angabe zu einer schwimmenden Bootsbr\u00fccke (&#8220;Pont volant&#8221;) zwischen der Festung und der Rheinschanze. Karte der Rheinschanzinsel bei Philippsburg und Mechtersheim nach der Rheinbegradigung mit Karlshof und Rheinschanze sowie &#8220;Fliegender Br\u00fccke&#8221; (um 1830, rechts).<\/p>\n\n\n\n<p><\/p>\n\n\n\n<p>(Hartwig Humbert, Verein f\u00fcr Heimat- und Brauchtumspflege in R\u00f6merberg e.V., 2024)<\/p>\n\n\n\n<p><\/p>\n\n\n\n<p><\/p>\n\n\n\n<p><\/p>\n\n\n\n<p><\/p>\n<\/div>\n","protected":false},"excerpt":{"rendered":"<p>Lost Places in R\u00f6merberg Zu einer Festungsanlage im 17. und 18. Jahrhundert geh\u00f6rten in der n\u00e4heren Umgebung weitere Bastionen zur Verteidigung der Festung. Gegen\u00fcber von Philippsburg, \u00f6stlich von Mechtersheim in einem fr\u00fcheren Bogen des Altrheins, lag ein solches Bauwerk, genannt Rheinschanze. Relikte dieser Anlage lassen sich noch heute entdecken. Durch die Begradigung des Rheins ab [&hellip;]<\/p>\n","protected":false},"author":1,"featured_media":0,"parent":0,"menu_order":0,"comment_status":"closed","ping_status":"closed","template":"","meta":{"footnotes":""},"class_list":["post-673","page","type-page","status-publish","hentry"],"_links":{"self":[{"href":"https:\/\/www.kulturelleserbe-rlp.de\/index.php?rest_route=\/wp\/v2\/pages\/673","targetHints":{"allow":["GET"]}}],"collection":[{"href":"https:\/\/www.kulturelleserbe-rlp.de\/index.php?rest_route=\/wp\/v2\/pages"}],"about":[{"href":"https:\/\/www.kulturelleserbe-rlp.de\/index.php?rest_route=\/wp\/v2\/types\/page"}],"author":[{"embeddable":true,"href":"https:\/\/www.kulturelleserbe-rlp.de\/index.php?rest_route=\/wp\/v2\/users\/1"}],"replies":[{"embeddable":true,"href":"https:\/\/www.kulturelleserbe-rlp.de\/index.php?rest_route=%2Fwp%2Fv2%2Fcomments&post=673"}],"version-history":[{"count":31,"href":"https:\/\/www.kulturelleserbe-rlp.de\/index.php?rest_route=\/wp\/v2\/pages\/673\/revisions"}],"predecessor-version":[{"id":1468,"href":"https:\/\/www.kulturelleserbe-rlp.de\/index.php?rest_route=\/wp\/v2\/pages\/673\/revisions\/1468"}],"wp:attachment":[{"href":"https:\/\/www.kulturelleserbe-rlp.de\/index.php?rest_route=%2Fwp%2Fv2%2Fmedia&parent=673"}],"curies":[{"name":"wp","href":"https:\/\/api.w.org\/{rel}","templated":true}]}}