{"id":1761,"date":"2026-01-06T10:05:04","date_gmt":"2026-01-06T10:05:04","guid":{"rendered":"https:\/\/www.kulturelleserbe-rlp.de\/?page_id=1761"},"modified":"2026-01-06T10:22:03","modified_gmt":"2026-01-06T10:22:03","slug":"franz-jakob-ebler-1941","status":"publish","type":"page","link":"https:\/\/www.kulturelleserbe-rlp.de\/?page_id=1761","title":{"rendered":"Franz Jakob Ebler (1905-1941)"},"content":{"rendered":"\n<p>Franz Jakob Ebler war das sechste Kind von Georg Ebler&nbsp;und Katharina geb. Hugg. Der Vater war von Beruf Bezirks- und Distriktstra\u00dfenw\u00e4rter. Das Elternhaus war die Offenbacher Stra\u00dfe 17. Nach dem Besuch der Volksschule verdingte sich Franz als Zigarrenmacher, neben der Landwirtschaft damals das Hauptgewerbe in Herxheim. 25-j\u00e4hrig heiratete er am 14. November 1930 Elisabeth (Elis) Scherrer und wohnte mit der jungen Familie in der Peter-Betz-Str. 26. Auch die Ehefrau musste als Fabrikarbeiterin &#8211; wahrscheinlich in einer der Herxheimer Zigarrenfabriken &#8211; zum Verdienst f\u00fcr die Familie beitragen. Dem Ehepaar wurden drei Kinder geschenkt. 1931 kam Fritz Ebler auf die Welt, 1934 Luzie und 1936 Maria Anna (Marianne gerufen).<\/p>\n\n\n\n<figure class=\"wp-block-audio\"><audio controls src=\"https:\/\/www.kulturelleserbe-rlp.de\/wp-content\/uploads\/2026\/01\/Ebler-Franz.mp3\"><\/audio><\/figure>\n\n\n\n<figure class=\"wp-block-gallery has-nested-images columns-default is-cropped wp-block-gallery-1 is-layout-flex wp-block-gallery-is-layout-flex\">\n<figure class=\"wp-block-image size-large\"><img fetchpriority=\"high\" decoding=\"async\" width=\"637\" height=\"1024\" data-id=\"1765\" src=\"https:\/\/www.kulturelleserbe-rlp.de\/wp-content\/uploads\/2026\/01\/Ebler-Franz-Hochzeit-637x1024.jpg\" alt=\"\" class=\"wp-image-1765\" srcset=\"https:\/\/www.kulturelleserbe-rlp.de\/wp-content\/uploads\/2026\/01\/Ebler-Franz-Hochzeit-637x1024.jpg 637w, https:\/\/www.kulturelleserbe-rlp.de\/wp-content\/uploads\/2026\/01\/Ebler-Franz-Hochzeit-187x300.jpg 187w, https:\/\/www.kulturelleserbe-rlp.de\/wp-content\/uploads\/2026\/01\/Ebler-Franz-Hochzeit-768x1235.jpg 768w, https:\/\/www.kulturelleserbe-rlp.de\/wp-content\/uploads\/2026\/01\/Ebler-Franz-Hochzeit-955x1536.jpg 955w, https:\/\/www.kulturelleserbe-rlp.de\/wp-content\/uploads\/2026\/01\/Ebler-Franz-Hochzeit.jpg 1008w\" sizes=\"(max-width: 637px) 100vw, 637px\" \/><\/figure>\n\n\n\n<figure class=\"wp-block-image size-large\"><img decoding=\"async\" width=\"762\" height=\"1024\" data-id=\"1764\" src=\"https:\/\/www.kulturelleserbe-rlp.de\/wp-content\/uploads\/2026\/01\/Ebler-Franz-mit-Frau-und-Kindern-762x1024.jpg\" alt=\"\" class=\"wp-image-1764\" srcset=\"https:\/\/www.kulturelleserbe-rlp.de\/wp-content\/uploads\/2026\/01\/Ebler-Franz-mit-Frau-und-Kindern-762x1024.jpg 762w, https:\/\/www.kulturelleserbe-rlp.de\/wp-content\/uploads\/2026\/01\/Ebler-Franz-mit-Frau-und-Kindern-223x300.jpg 223w, https:\/\/www.kulturelleserbe-rlp.de\/wp-content\/uploads\/2026\/01\/Ebler-Franz-mit-Frau-und-Kindern-768x1032.jpg 768w, https:\/\/www.kulturelleserbe-rlp.de\/wp-content\/uploads\/2026\/01\/Ebler-Franz-mit-Frau-und-Kindern-1143x1536.jpg 1143w, https:\/\/www.kulturelleserbe-rlp.de\/wp-content\/uploads\/2026\/01\/Ebler-Franz-mit-Frau-und-Kindern-1525x2048.jpg 1525w, https:\/\/www.kulturelleserbe-rlp.de\/wp-content\/uploads\/2026\/01\/Ebler-Franz-mit-Frau-und-Kindern.jpg 1899w\" sizes=\"(max-width: 762px) 100vw, 762px\" \/><\/figure>\n<\/figure>\n\n\n\n<p><em>Hochzeitsbild von Elisabeth Ebler, geborene Scherrer und Franz Ebler (1930) sowie letztes Familienbild mit den Kindern. <\/em><\/p>\n\n\n\n<p>Am 1. September 1939, mit Beginn des 2. Weltkrieges, musste Franz&nbsp;Ebler einr\u00fccken und kam zum Bau-Ersatzbataillon Schwalbach. Es ist nicht bekannt, ob er im Frankreichfeldzug zum Einsatz kam. Belegt ist sein Einsatz seit Juli 1941 an der sowjetischen Front. Bereits drei Monate sp\u00e4ter erreichte ihn am 30. August 1941 durch eine Fliegerbombe im russischen Potschep der Tod. Diese Stadt im mittleren Westrussland war am 22. August von den deutschen Truppen besetzt worden. Es existiert ein Foto von seinem Feldgrab. Dieses Grab existiert jedoch heute nicht mehr und die sterblichen \u00dcberreste von Franz Ebler&nbsp;konnten deshalb auch nicht auf einen Soldatenfriedhof des Volksbundes Deutsche Kriegsgr\u00e4berf\u00fcrsorge \u00fcberf\u00fchrt werden.<\/p>\n\n\n\n<figure class=\"wp-block-image aligncenter size-full\"><img decoding=\"async\" width=\"632\" height=\"493\" src=\"https:\/\/www.kulturelleserbe-rlp.de\/wp-content\/uploads\/2026\/01\/Ebler-Franz-Feldgrab-in-Russland.jpg\" alt=\"\" class=\"wp-image-1766\" srcset=\"https:\/\/www.kulturelleserbe-rlp.de\/wp-content\/uploads\/2026\/01\/Ebler-Franz-Feldgrab-in-Russland.jpg 632w, https:\/\/www.kulturelleserbe-rlp.de\/wp-content\/uploads\/2026\/01\/Ebler-Franz-Feldgrab-in-Russland-300x234.jpg 300w\" sizes=\"(max-width: 632px) 100vw, 632px\" \/><\/figure>\n\n\n\n<p><em>Feldgrab von Franz Ebler in Russland (zweites von rechts, 1941). Das Grab existiert jedoch nicht mehr, sondern geriet in Vergessenheit. <\/em><\/p>\n\n\n\n<p>Seine Frau teilte das Schicksal vieler Kriegerwitwen. Die Kinder waren beim Tod ihres Vater&nbsp;zehn, sieben und f\u00fcnf Jahre alt und mussten versorgt werden. Sohn Fritz ging unmittelbar nach der Volksschule als Lehrling ins Ruhrgebiet und kam erst im Ruhestand mit seiner aus Opladen stammenden Frau Getrud nach Herxheim zur\u00fcck, Luzie heiratete den Automechaniker Herbert Detzel und Marianne den Gem\u00fcseh\u00e4ndler Arnulf Weiller.<\/p>\n\n\n\n<p>Drei Monate vor Kriegsende forderte der Krieg weitere Opfer in der Familie Ebler. Am 19. Februar 1945 fiel der Oberkanonier Walter Ebler in Arnswalde&nbsp;in Westpommern (im heutigen Polen). Er war der der Sohn des \u00e4lteren Bruders Eugen, somit Neffe von Franz Ebler&nbsp;und damit Cousin von Fritz, Luzi und Marianne.<\/p>\n\n\n\n<p>(Dr. Klaus Eichenlaub)<\/p>\n","protected":false},"excerpt":{"rendered":"<p>Franz Jakob Ebler war das sechste Kind von Georg Ebler&nbsp;und Katharina geb. Hugg. Der Vater war von Beruf Bezirks- und Distriktstra\u00dfenw\u00e4rter. Das Elternhaus war die Offenbacher Stra\u00dfe 17. Nach dem Besuch der Volksschule verdingte sich Franz als Zigarrenmacher, neben der Landwirtschaft damals das Hauptgewerbe in Herxheim. 25-j\u00e4hrig heiratete er am 14. November 1930 Elisabeth (Elis) [&hellip;]<\/p>\n","protected":false},"author":1,"featured_media":0,"parent":0,"menu_order":0,"comment_status":"closed","ping_status":"closed","template":"","meta":{"footnotes":""},"class_list":["post-1761","page","type-page","status-publish","hentry"],"_links":{"self":[{"href":"https:\/\/www.kulturelleserbe-rlp.de\/index.php?rest_route=\/wp\/v2\/pages\/1761","targetHints":{"allow":["GET"]}}],"collection":[{"href":"https:\/\/www.kulturelleserbe-rlp.de\/index.php?rest_route=\/wp\/v2\/pages"}],"about":[{"href":"https:\/\/www.kulturelleserbe-rlp.de\/index.php?rest_route=\/wp\/v2\/types\/page"}],"author":[{"embeddable":true,"href":"https:\/\/www.kulturelleserbe-rlp.de\/index.php?rest_route=\/wp\/v2\/users\/1"}],"replies":[{"embeddable":true,"href":"https:\/\/www.kulturelleserbe-rlp.de\/index.php?rest_route=%2Fwp%2Fv2%2Fcomments&post=1761"}],"version-history":[{"count":5,"href":"https:\/\/www.kulturelleserbe-rlp.de\/index.php?rest_route=\/wp\/v2\/pages\/1761\/revisions"}],"predecessor-version":[{"id":1771,"href":"https:\/\/www.kulturelleserbe-rlp.de\/index.php?rest_route=\/wp\/v2\/pages\/1761\/revisions\/1771"}],"wp:attachment":[{"href":"https:\/\/www.kulturelleserbe-rlp.de\/index.php?rest_route=%2Fwp%2Fv2%2Fmedia&parent=1761"}],"curies":[{"name":"wp","href":"https:\/\/api.w.org\/{rel}","templated":true}]}}

<p>Franz Jakob Ebler war das sechste Kind von Georg Ebler&nbsp;und Katharina geb. Hugg. Der Vater war von Beruf Bezirks- und Distriktstraßenwärter. Das Elternhaus war die Offenbacher Straße 17. Nach dem Besuch der Volksschule verdingte sich Franz als Zigarrenmacher, neben der Landwirtschaft damals das Hauptgewerbe in Herxheim. 25-jährig heiratete er am 14. November 1930 Elisabeth (Elis) Scherrer und wohnte mit der jungen Familie in der Peter-Betz-Str. 26. Auch die Ehefrau musste als Fabrikarbeiterin &#8211; wahrscheinlich in einer der Herxheimer Zigarrenfabriken &#8211; zum Verdienst für die Familie beitragen. Dem Ehepaar wurden drei Kinder geschenkt. 1931 kam Fritz Ebler auf die Welt, 1934 Luzie und 1936 Maria Anna (Marianne gerufen).</p>



<figure class="wp-block-audio"><audio controls src="https://www.kulturelleserbe-rlp.de/wp-content/uploads/2026/01/Ebler-Franz.mp3"></audio></figure>



<figure class="wp-block-gallery has-nested-images columns-default is-cropped wp-block-gallery-1 is-layout-flex wp-block-gallery-is-layout-flex">
<figure class="wp-block-image size-large"><img fetchpriority="high" decoding="async" width="637" height="1024" data-id="1765" src="https://www.kulturelleserbe-rlp.de/wp-content/uploads/2026/01/Ebler-Franz-Hochzeit-637x1024.jpg" alt="" class="wp-image-1765" srcset="https://www.kulturelleserbe-rlp.de/wp-content/uploads/2026/01/Ebler-Franz-Hochzeit-637x1024.jpg 637w, https://www.kulturelleserbe-rlp.de/wp-content/uploads/2026/01/Ebler-Franz-Hochzeit-187x300.jpg 187w, https://www.kulturelleserbe-rlp.de/wp-content/uploads/2026/01/Ebler-Franz-Hochzeit-768x1235.jpg 768w, https://www.kulturelleserbe-rlp.de/wp-content/uploads/2026/01/Ebler-Franz-Hochzeit-955x1536.jpg 955w, https://www.kulturelleserbe-rlp.de/wp-content/uploads/2026/01/Ebler-Franz-Hochzeit.jpg 1008w" sizes="(max-width: 637px) 100vw, 637px" /></figure>



<figure class="wp-block-image size-large"><img decoding="async" width="762" height="1024" data-id="1764" src="https://www.kulturelleserbe-rlp.de/wp-content/uploads/2026/01/Ebler-Franz-mit-Frau-und-Kindern-762x1024.jpg" alt="" class="wp-image-1764" srcset="https://www.kulturelleserbe-rlp.de/wp-content/uploads/2026/01/Ebler-Franz-mit-Frau-und-Kindern-762x1024.jpg 762w, https://www.kulturelleserbe-rlp.de/wp-content/uploads/2026/01/Ebler-Franz-mit-Frau-und-Kindern-223x300.jpg 223w, https://www.kulturelleserbe-rlp.de/wp-content/uploads/2026/01/Ebler-Franz-mit-Frau-und-Kindern-768x1032.jpg 768w, https://www.kulturelleserbe-rlp.de/wp-content/uploads/2026/01/Ebler-Franz-mit-Frau-und-Kindern-1143x1536.jpg 1143w, https://www.kulturelleserbe-rlp.de/wp-content/uploads/2026/01/Ebler-Franz-mit-Frau-und-Kindern-1525x2048.jpg 1525w, https://www.kulturelleserbe-rlp.de/wp-content/uploads/2026/01/Ebler-Franz-mit-Frau-und-Kindern.jpg 1899w" sizes="(max-width: 762px) 100vw, 762px" /></figure>
</figure>



<p><em>Hochzeitsbild von Elisabeth Ebler, geborene Scherrer und Franz Ebler (1930) sowie letztes Familienbild mit den Kindern. </em></p>



<p>Am 1. September 1939, mit Beginn des 2. Weltkrieges, musste Franz&nbsp;Ebler einrücken und kam zum Bau-Ersatzbataillon Schwalbach. Es ist nicht bekannt, ob er im Frankreichfeldzug zum Einsatz kam. Belegt ist sein Einsatz seit Juli 1941 an der sowjetischen Front. Bereits drei Monate später erreichte ihn am 30. August 1941 durch eine Fliegerbombe im russischen Potschep der Tod. Diese Stadt im mittleren Westrussland war am 22. August von den deutschen Truppen besetzt worden. Es existiert ein Foto von seinem Feldgrab. Dieses Grab existiert jedoch heute nicht mehr und die sterblichen Überreste von Franz Ebler&nbsp;konnten deshalb auch nicht auf einen Soldatenfriedhof des Volksbundes Deutsche Kriegsgräberfürsorge überführt werden.</p>



<figure class="wp-block-image aligncenter size-full"><img decoding="async" width="632" height="493" src="https://www.kulturelleserbe-rlp.de/wp-content/uploads/2026/01/Ebler-Franz-Feldgrab-in-Russland.jpg" alt="" class="wp-image-1766" srcset="https://www.kulturelleserbe-rlp.de/wp-content/uploads/2026/01/Ebler-Franz-Feldgrab-in-Russland.jpg 632w, https://www.kulturelleserbe-rlp.de/wp-content/uploads/2026/01/Ebler-Franz-Feldgrab-in-Russland-300x234.jpg 300w" sizes="(max-width: 632px) 100vw, 632px" /></figure>



<p><em>Feldgrab von Franz Ebler in Russland (zweites von rechts, 1941). Das Grab existiert jedoch nicht mehr, sondern geriet in Vergessenheit. </em></p>



<p>Seine Frau teilte das Schicksal vieler Kriegerwitwen. Die Kinder waren beim Tod ihres Vater&nbsp;zehn, sieben und fünf Jahre alt und mussten versorgt werden. Sohn Fritz ging unmittelbar nach der Volksschule als Lehrling ins Ruhrgebiet und kam erst im Ruhestand mit seiner aus Opladen stammenden Frau Getrud nach Herxheim zurück, Luzie heiratete den Automechaniker Herbert Detzel und Marianne den Gemüsehändler Arnulf Weiller.</p>



<p>Drei Monate vor Kriegsende forderte der Krieg weitere Opfer in der Familie Ebler. Am 19. Februar 1945 fiel der Oberkanonier Walter Ebler in Arnswalde&nbsp;in Westpommern (im heutigen Polen). Er war der der Sohn des älteren Bruders Eugen, somit Neffe von Franz Ebler&nbsp;und damit Cousin von Fritz, Luzi und Marianne.</p>



<p>(Dr. Klaus Eichenlaub)</p>

<p>Franz Jakob Ebler war das sechste Kind von Georg Ebler&nbsp;und Katharina geb. Hugg. Der Vater war von Beruf Bezirks- und Distriktstraßenwärter. Das Elternhaus war die Offenbacher Straße 17. Nach dem Besuch der Volksschule verdingte sich Franz als Zigarrenmacher, neben der Landwirtschaft damals das Hauptgewerbe in Herxheim. 25-jährig heiratete er am 14. November 1930 Elisabeth (Elis) [&hellip;]</p>
