{"id":1747,"date":"2026-01-06T09:19:48","date_gmt":"2026-01-06T09:19:48","guid":{"rendered":"https:\/\/www.kulturelleserbe-rlp.de\/?page_id=1747"},"modified":"2026-01-06T10:23:08","modified_gmt":"2026-01-06T10:23:08","slug":"erwin-ebler-1910-1943","status":"publish","type":"page","link":"https:\/\/www.kulturelleserbe-rlp.de\/?page_id=1747","title":{"rendered":"Erwin Ebler (1910-1944 vermisst, 1950 f\u00fcr tot erkl\u00e4rt)"},"content":{"rendered":"\n<p>Stefanie Garrecht, Enkelin von Erwin Ebler, \u00e4u\u00dferte den Wunsch, dass Ihrem Opa, dem in Russland vermissten Erwin Ebler, ebenfalls ein Biographie gegeben werde. Mit ihrer Hilfe\u00a0 konnte in das Leben des 1910 geborenen Erwin Ebler etwas Licht gebracht werden. Er war das f\u00fcnfte Kind des Zigarrenmachers und Fabrikaufsehers Johannes Ebler und der Fabrikarbeiterin Katharina geb. Schnurr und kam am 2. September 1910 zur Welt. Erwin verdingte sich nach Ende der Volksschule ebenfalls als Fabrikarbeiter. Er war aktives Mitglied des Herxheimer Turnvereins und\u00a0war als Turner mit seiner Mannschaft auf zahlreichen Wettk\u00e4mpfen erfolgreich. 1937 heiratete er Anna Trauth aus dem Scharfeneck und bezog in der Luitpoldstra\u00dfe 4 Wohnung mit ihr. Ende 1938 kam Sohn Ansgar auf die Welt.<\/p>\n\n\n\n<figure class=\"wp-block-audio\"><audio controls src=\"https:\/\/www.kulturelleserbe-rlp.de\/wp-content\/uploads\/2026\/01\/Ebler-Erwin.mp3\"><\/audio><\/figure>\n\n\n\n<figure class=\"wp-block-image size-large\"><img fetchpriority=\"high\" decoding=\"async\" width=\"1024\" height=\"609\" src=\"https:\/\/www.kulturelleserbe-rlp.de\/wp-content\/uploads\/2026\/01\/Ebler-Erwin-4.v.l-1024x609.jpg\" alt=\"\" class=\"wp-image-1756\" srcset=\"https:\/\/www.kulturelleserbe-rlp.de\/wp-content\/uploads\/2026\/01\/Ebler-Erwin-4.v.l-1024x609.jpg 1024w, https:\/\/www.kulturelleserbe-rlp.de\/wp-content\/uploads\/2026\/01\/Ebler-Erwin-4.v.l-300x178.jpg 300w, https:\/\/www.kulturelleserbe-rlp.de\/wp-content\/uploads\/2026\/01\/Ebler-Erwin-4.v.l-768x456.jpg 768w, https:\/\/www.kulturelleserbe-rlp.de\/wp-content\/uploads\/2026\/01\/Ebler-Erwin-4.v.l.jpg 1494w\" sizes=\"(max-width: 1024px) 100vw, 1024px\" \/><\/figure>\n\n\n\n<p> <em>Ewin Ebler (4. v. l.) als Mitglied der Turnriege des TV Herxheim 1932<\/em>.<\/p>\n\n\n\n<p>Im Februar 1941, der Zweite Weltkrieg war ein halbes Jahr alt, musste Erwin im Alter von 31 Jahren\u00a0zum 2. Infanterie-Reserveersatzbataillon Luxemburg einr\u00fccken. Drei Monate sp\u00e4ter kam er beim Frankreichfeldzug im Mai 1940 zum Einsatz und war nachfolgend Besatzungssoldat, bis seine Einheit im Juni 1941 an die Ostfront gerufen wurde. Ende 1942 kam seine Tochter Gertrud zur Welt.<\/p>\n\n\n\n<figure class=\"wp-block-gallery has-nested-images columns-default is-cropped wp-block-gallery-1 is-layout-flex wp-block-gallery-is-layout-flex\">\n<figure class=\"wp-block-image size-large\"><img decoding=\"async\" width=\"648\" height=\"1024\" data-id=\"1753\" src=\"https:\/\/www.kulturelleserbe-rlp.de\/wp-content\/uploads\/2026\/01\/Ebler-Erwin-Hochzeitsfoto-648x1024.jpg\" alt=\"\" class=\"wp-image-1753\" srcset=\"https:\/\/www.kulturelleserbe-rlp.de\/wp-content\/uploads\/2026\/01\/Ebler-Erwin-Hochzeitsfoto-648x1024.jpg 648w, https:\/\/www.kulturelleserbe-rlp.de\/wp-content\/uploads\/2026\/01\/Ebler-Erwin-Hochzeitsfoto-190x300.jpg 190w, https:\/\/www.kulturelleserbe-rlp.de\/wp-content\/uploads\/2026\/01\/Ebler-Erwin-Hochzeitsfoto-768x1213.jpg 768w, https:\/\/www.kulturelleserbe-rlp.de\/wp-content\/uploads\/2026\/01\/Ebler-Erwin-Hochzeitsfoto-972x1536.jpg 972w, https:\/\/www.kulturelleserbe-rlp.de\/wp-content\/uploads\/2026\/01\/Ebler-Erwin-Hochzeitsfoto-1296x2048.jpg 1296w, https:\/\/www.kulturelleserbe-rlp.de\/wp-content\/uploads\/2026\/01\/Ebler-Erwin-Hochzeitsfoto-scaled.jpg 1621w\" sizes=\"(max-width: 648px) 100vw, 648px\" \/><\/figure>\n\n\n\n<figure class=\"wp-block-image size-large\"><img decoding=\"async\" width=\"669\" height=\"1024\" data-id=\"1754\" src=\"https:\/\/www.kulturelleserbe-rlp.de\/wp-content\/uploads\/2026\/01\/Ebler-Erwin-Heiratsschein-669x1024.jpg\" alt=\"\" class=\"wp-image-1754\" srcset=\"https:\/\/www.kulturelleserbe-rlp.de\/wp-content\/uploads\/2026\/01\/Ebler-Erwin-Heiratsschein-669x1024.jpg 669w, https:\/\/www.kulturelleserbe-rlp.de\/wp-content\/uploads\/2026\/01\/Ebler-Erwin-Heiratsschein-196x300.jpg 196w, https:\/\/www.kulturelleserbe-rlp.de\/wp-content\/uploads\/2026\/01\/Ebler-Erwin-Heiratsschein-768x1176.jpg 768w, https:\/\/www.kulturelleserbe-rlp.de\/wp-content\/uploads\/2026\/01\/Ebler-Erwin-Heiratsschein-1003x1536.jpg 1003w, https:\/\/www.kulturelleserbe-rlp.de\/wp-content\/uploads\/2026\/01\/Ebler-Erwin-Heiratsschein-1337x2048.jpg 1337w, https:\/\/www.kulturelleserbe-rlp.de\/wp-content\/uploads\/2026\/01\/Ebler-Erwin-Heiratsschein-scaled.jpg 1671w\" sizes=\"(max-width: 669px) 100vw, 669px\" \/><\/figure>\n<\/figure>\n\n\n\n<p><em><em>Hochzeitsfoto von Anna Ebler, geborene Trauth und Erwin Ebler sowie Heitratsurkunde 1937. <\/em><\/em><\/p>\n\n\n\n<p><br>Am 9. Januar 1943 kam die letzte Feldpost nach Hause.&nbsp;Von der Deutschen Dienststelle f\u00fcr die Benachrichtigung der Angeh\u00f6rigen liegt eine Meldung vor, nach der Erwin Ebler mit seiner Einheit am 20. Januar 1943 in die gro\u00dfe Abwehrschlacht nordwestlich von Kamensk im Donbogen im Einsatz war. In dessen Verlauf verloren sich&nbsp;seine Spuren, ohne dass etwas \u00fcber sein Schicksal bekannt geworden ist. <\/p>\n\n\n\n<figure class=\"wp-block-gallery has-nested-images columns-default is-cropped wp-block-gallery-2 is-layout-flex wp-block-gallery-is-layout-flex\">\n<figure class=\"wp-block-image size-large\"><img loading=\"lazy\" decoding=\"async\" width=\"664\" height=\"1024\" data-id=\"1750\" src=\"https:\/\/www.kulturelleserbe-rlp.de\/wp-content\/uploads\/2026\/01\/Ebler-Erwin-mit-seinem-Zug-vor-dem-Eifelturm-obligatorisches-Foto-664x1024.jpg\" alt=\"\" class=\"wp-image-1750\" srcset=\"https:\/\/www.kulturelleserbe-rlp.de\/wp-content\/uploads\/2026\/01\/Ebler-Erwin-mit-seinem-Zug-vor-dem-Eifelturm-obligatorisches-Foto-664x1024.jpg 664w, https:\/\/www.kulturelleserbe-rlp.de\/wp-content\/uploads\/2026\/01\/Ebler-Erwin-mit-seinem-Zug-vor-dem-Eifelturm-obligatorisches-Foto-194x300.jpg 194w, https:\/\/www.kulturelleserbe-rlp.de\/wp-content\/uploads\/2026\/01\/Ebler-Erwin-mit-seinem-Zug-vor-dem-Eifelturm-obligatorisches-Foto-768x1185.jpg 768w, https:\/\/www.kulturelleserbe-rlp.de\/wp-content\/uploads\/2026\/01\/Ebler-Erwin-mit-seinem-Zug-vor-dem-Eifelturm-obligatorisches-Foto-996x1536.jpg 996w, https:\/\/www.kulturelleserbe-rlp.de\/wp-content\/uploads\/2026\/01\/Ebler-Erwin-mit-seinem-Zug-vor-dem-Eifelturm-obligatorisches-Foto.jpg 1032w\" sizes=\"(max-width: 664px) 100vw, 664px\" \/><\/figure>\n\n\n\n<figure class=\"wp-block-image size-large\"><img loading=\"lazy\" decoding=\"async\" width=\"964\" height=\"637\" data-id=\"1751\" src=\"https:\/\/www.kulturelleserbe-rlp.de\/wp-content\/uploads\/2026\/01\/Ebler-Erwin-mit-seinem-Zug-vor-dem-Eifelturm-obligatorisches-Foto-red.jpg\" alt=\"\" class=\"wp-image-1751\" srcset=\"https:\/\/www.kulturelleserbe-rlp.de\/wp-content\/uploads\/2026\/01\/Ebler-Erwin-mit-seinem-Zug-vor-dem-Eifelturm-obligatorisches-Foto-red.jpg 964w, https:\/\/www.kulturelleserbe-rlp.de\/wp-content\/uploads\/2026\/01\/Ebler-Erwin-mit-seinem-Zug-vor-dem-Eifelturm-obligatorisches-Foto-red-300x198.jpg 300w, https:\/\/www.kulturelleserbe-rlp.de\/wp-content\/uploads\/2026\/01\/Ebler-Erwin-mit-seinem-Zug-vor-dem-Eifelturm-obligatorisches-Foto-red-768x507.jpg 768w\" sizes=\"(max-width: 964px) 100vw, 964px\" \/><\/figure>\n<\/figure>\n\n\n\n<p><em>Erwin Ebler mit seinem Zug vor dem Eiffelturm in Paris 1940.<\/em><\/p>\n\n\n\n<p><br>Seine Frau Anna musste nach Kriegsende davon ausgehen, dass Erwin nicht mehr zu ihr und den Kindern zur\u00fcckkehren w\u00fcrde und stellte deshalb den Antrag auf Toderkl\u00e4rung, dem das Amtsgericht 1950 stattgab. Anna Ebler war nun eine von rund 100 Herxheimer Kriegswitwen. Beide Kinder hatten keine pers\u00f6nliche Erinnerung an ihren Vater, kannten ihn nur von den Erz\u00e4hlungen der Mutter und von einigen Fotos.&nbsp;<\/p>\n\n\n\n<figure class=\"wp-block-image aligncenter size-large is-resized\"><img loading=\"lazy\" decoding=\"async\" width=\"777\" height=\"1024\" src=\"https:\/\/www.kulturelleserbe-rlp.de\/wp-content\/uploads\/2026\/01\/Ebler-Erwin-777x1024.jpg\" alt=\"\" class=\"wp-image-1749\" style=\"width:419px;height:auto\" srcset=\"https:\/\/www.kulturelleserbe-rlp.de\/wp-content\/uploads\/2026\/01\/Ebler-Erwin-777x1024.jpg 777w, https:\/\/www.kulturelleserbe-rlp.de\/wp-content\/uploads\/2026\/01\/Ebler-Erwin-227x300.jpg 227w, https:\/\/www.kulturelleserbe-rlp.de\/wp-content\/uploads\/2026\/01\/Ebler-Erwin-768x1013.jpg 768w, https:\/\/www.kulturelleserbe-rlp.de\/wp-content\/uploads\/2026\/01\/Ebler-Erwin.jpg 1026w\" sizes=\"(max-width: 777px) 100vw, 777px\" \/><\/figure>\n\n\n\n<p>Sohn Ansgar folgte den sportlichen Wegen seines Vaters, diente in den 1950er und 1960er Jahren des letzten Jahrhunderts als Mittelfeldspieler der 1. Mannschaft des SV Viktoria Herxheim. Seine Mutter war oft Besucherin bei den Spielen am Kr\u00f6nungsbusch. M\u00f6glicherweise f\u00fchlte sie sich bei den sportlichen Aktionen ihres Sohnes an ihren im Feld gebliebenen Erwin erinnert.<\/p>\n\n\n\n<p>Au\u00dfer auf den Bronzetafeln der Herxheimer Kriegerged\u00e4chtniskapelle wird auch auf dem Soldatenfriedhof Rossoschka bei Wolgograd in Russland an ihn erinnert. Erg\u00e4nzend sei angemerkt, dass auch Erwins \u00e4lterer Bruder Jakob nicht mehr lebend aus dem Krieg zur\u00fcckkehrte. Er wurde seit Januar 1945 bei den Abwehrk\u00e4mpfen in Polen vermisst.<\/p>\n\n\n\n<p>(Dr. Klaus Eichenlaub)<\/p>\n","protected":false},"excerpt":{"rendered":"<p>Stefanie Garrecht, Enkelin von Erwin Ebler, \u00e4u\u00dferte den Wunsch, dass Ihrem Opa, dem in Russland vermissten Erwin Ebler, ebenfalls ein Biographie gegeben werde. Mit ihrer Hilfe\u00a0 konnte in das Leben des 1910 geborenen Erwin Ebler etwas Licht gebracht werden. Er war das f\u00fcnfte Kind des Zigarrenmachers und Fabrikaufsehers Johannes Ebler und der Fabrikarbeiterin Katharina geb. [&hellip;]<\/p>\n","protected":false},"author":1,"featured_media":0,"parent":0,"menu_order":0,"comment_status":"closed","ping_status":"closed","template":"","meta":{"footnotes":""},"class_list":["post-1747","page","type-page","status-publish","hentry"],"_links":{"self":[{"href":"https:\/\/www.kulturelleserbe-rlp.de\/index.php?rest_route=\/wp\/v2\/pages\/1747","targetHints":{"allow":["GET"]}}],"collection":[{"href":"https:\/\/www.kulturelleserbe-rlp.de\/index.php?rest_route=\/wp\/v2\/pages"}],"about":[{"href":"https:\/\/www.kulturelleserbe-rlp.de\/index.php?rest_route=\/wp\/v2\/types\/page"}],"author":[{"embeddable":true,"href":"https:\/\/www.kulturelleserbe-rlp.de\/index.php?rest_route=\/wp\/v2\/users\/1"}],"replies":[{"embeddable":true,"href":"https:\/\/www.kulturelleserbe-rlp.de\/index.php?rest_route=%2Fwp%2Fv2%2Fcomments&post=1747"}],"version-history":[{"count":5,"href":"https:\/\/www.kulturelleserbe-rlp.de\/index.php?rest_route=\/wp\/v2\/pages\/1747\/revisions"}],"predecessor-version":[{"id":1772,"href":"https:\/\/www.kulturelleserbe-rlp.de\/index.php?rest_route=\/wp\/v2\/pages\/1747\/revisions\/1772"}],"wp:attachment":[{"href":"https:\/\/www.kulturelleserbe-rlp.de\/index.php?rest_route=%2Fwp%2Fv2%2Fmedia&parent=1747"}],"curies":[{"name":"wp","href":"https:\/\/api.w.org\/{rel}","templated":true}]}}

Erwin Ebler (1910-1944 vermisst, 1950 für tot erklärt)

<p>Stefanie Garrecht, Enkelin von Erwin Ebler, äußerte den Wunsch, dass Ihrem Opa, dem in Russland vermissten Erwin Ebler, ebenfalls ein Biographie gegeben werde. Mit ihrer Hilfe  konnte in das Leben des 1910 geborenen Erwin Ebler etwas Licht gebracht werden. Er war das fünfte Kind des Zigarrenmachers und Fabrikaufsehers Johannes Ebler und der Fabrikarbeiterin Katharina geb. Schnurr und kam am 2. September 1910 zur Welt. Erwin verdingte sich nach Ende der Volksschule ebenfalls als Fabrikarbeiter. Er war aktives Mitglied des Herxheimer Turnvereins und war als Turner mit seiner Mannschaft auf zahlreichen Wettkämpfen erfolgreich. 1937 heiratete er Anna Trauth aus dem Scharfeneck und bezog in der Luitpoldstraße 4 Wohnung mit ihr. Ende 1938 kam Sohn Ansgar auf die Welt.</p>



<figure class="wp-block-audio"><audio controls src="https://www.kulturelleserbe-rlp.de/wp-content/uploads/2026/01/Ebler-Erwin.mp3"></audio></figure>



<figure class="wp-block-image size-large"><img fetchpriority="high" decoding="async" width="1024" height="609" src="https://www.kulturelleserbe-rlp.de/wp-content/uploads/2026/01/Ebler-Erwin-4.v.l-1024x609.jpg" alt="" class="wp-image-1756" srcset="https://www.kulturelleserbe-rlp.de/wp-content/uploads/2026/01/Ebler-Erwin-4.v.l-1024x609.jpg 1024w, https://www.kulturelleserbe-rlp.de/wp-content/uploads/2026/01/Ebler-Erwin-4.v.l-300x178.jpg 300w, https://www.kulturelleserbe-rlp.de/wp-content/uploads/2026/01/Ebler-Erwin-4.v.l-768x456.jpg 768w, https://www.kulturelleserbe-rlp.de/wp-content/uploads/2026/01/Ebler-Erwin-4.v.l.jpg 1494w" sizes="(max-width: 1024px) 100vw, 1024px" /></figure>



<p> <em>Ewin Ebler (4. v. l.) als Mitglied der Turnriege des TV Herxheim 1932</em>.</p>



<p>Im Februar 1941, der Zweite Weltkrieg war ein halbes Jahr alt, musste Erwin im Alter von 31 Jahren zum 2. Infanterie-Reserveersatzbataillon Luxemburg einrücken. Drei Monate später kam er beim Frankreichfeldzug im Mai 1940 zum Einsatz und war nachfolgend Besatzungssoldat, bis seine Einheit im Juni 1941 an die Ostfront gerufen wurde. Ende 1942 kam seine Tochter Gertrud zur Welt.</p>



<figure class="wp-block-gallery has-nested-images columns-default is-cropped wp-block-gallery-1 is-layout-flex wp-block-gallery-is-layout-flex">
<figure class="wp-block-image size-large"><img decoding="async" width="648" height="1024" data-id="1753" src="https://www.kulturelleserbe-rlp.de/wp-content/uploads/2026/01/Ebler-Erwin-Hochzeitsfoto-648x1024.jpg" alt="" class="wp-image-1753" srcset="https://www.kulturelleserbe-rlp.de/wp-content/uploads/2026/01/Ebler-Erwin-Hochzeitsfoto-648x1024.jpg 648w, https://www.kulturelleserbe-rlp.de/wp-content/uploads/2026/01/Ebler-Erwin-Hochzeitsfoto-190x300.jpg 190w, https://www.kulturelleserbe-rlp.de/wp-content/uploads/2026/01/Ebler-Erwin-Hochzeitsfoto-768x1213.jpg 768w, https://www.kulturelleserbe-rlp.de/wp-content/uploads/2026/01/Ebler-Erwin-Hochzeitsfoto-972x1536.jpg 972w, https://www.kulturelleserbe-rlp.de/wp-content/uploads/2026/01/Ebler-Erwin-Hochzeitsfoto-1296x2048.jpg 1296w, https://www.kulturelleserbe-rlp.de/wp-content/uploads/2026/01/Ebler-Erwin-Hochzeitsfoto-scaled.jpg 1621w" sizes="(max-width: 648px) 100vw, 648px" /></figure>



<figure class="wp-block-image size-large"><img decoding="async" width="669" height="1024" data-id="1754" src="https://www.kulturelleserbe-rlp.de/wp-content/uploads/2026/01/Ebler-Erwin-Heiratsschein-669x1024.jpg" alt="" class="wp-image-1754" srcset="https://www.kulturelleserbe-rlp.de/wp-content/uploads/2026/01/Ebler-Erwin-Heiratsschein-669x1024.jpg 669w, https://www.kulturelleserbe-rlp.de/wp-content/uploads/2026/01/Ebler-Erwin-Heiratsschein-196x300.jpg 196w, https://www.kulturelleserbe-rlp.de/wp-content/uploads/2026/01/Ebler-Erwin-Heiratsschein-768x1176.jpg 768w, https://www.kulturelleserbe-rlp.de/wp-content/uploads/2026/01/Ebler-Erwin-Heiratsschein-1003x1536.jpg 1003w, https://www.kulturelleserbe-rlp.de/wp-content/uploads/2026/01/Ebler-Erwin-Heiratsschein-1337x2048.jpg 1337w, https://www.kulturelleserbe-rlp.de/wp-content/uploads/2026/01/Ebler-Erwin-Heiratsschein-scaled.jpg 1671w" sizes="(max-width: 669px) 100vw, 669px" /></figure>
</figure>



<p><em><em>Hochzeitsfoto von Anna Ebler, geborene Trauth und Erwin Ebler sowie Heitratsurkunde 1937. </em></em></p>



<p><br>Am 9. Januar 1943 kam die letzte Feldpost nach Hause.&nbsp;Von der Deutschen Dienststelle für die Benachrichtigung der Angehörigen liegt eine Meldung vor, nach der Erwin Ebler mit seiner Einheit am 20. Januar 1943 in die große Abwehrschlacht nordwestlich von Kamensk im Donbogen im Einsatz war. In dessen Verlauf verloren sich&nbsp;seine Spuren, ohne dass etwas über sein Schicksal bekannt geworden ist. </p>



<figure class="wp-block-gallery has-nested-images columns-default is-cropped wp-block-gallery-2 is-layout-flex wp-block-gallery-is-layout-flex">
<figure class="wp-block-image size-large"><img loading="lazy" decoding="async" width="664" height="1024" data-id="1750" src="https://www.kulturelleserbe-rlp.de/wp-content/uploads/2026/01/Ebler-Erwin-mit-seinem-Zug-vor-dem-Eifelturm-obligatorisches-Foto-664x1024.jpg" alt="" class="wp-image-1750" srcset="https://www.kulturelleserbe-rlp.de/wp-content/uploads/2026/01/Ebler-Erwin-mit-seinem-Zug-vor-dem-Eifelturm-obligatorisches-Foto-664x1024.jpg 664w, https://www.kulturelleserbe-rlp.de/wp-content/uploads/2026/01/Ebler-Erwin-mit-seinem-Zug-vor-dem-Eifelturm-obligatorisches-Foto-194x300.jpg 194w, https://www.kulturelleserbe-rlp.de/wp-content/uploads/2026/01/Ebler-Erwin-mit-seinem-Zug-vor-dem-Eifelturm-obligatorisches-Foto-768x1185.jpg 768w, https://www.kulturelleserbe-rlp.de/wp-content/uploads/2026/01/Ebler-Erwin-mit-seinem-Zug-vor-dem-Eifelturm-obligatorisches-Foto-996x1536.jpg 996w, https://www.kulturelleserbe-rlp.de/wp-content/uploads/2026/01/Ebler-Erwin-mit-seinem-Zug-vor-dem-Eifelturm-obligatorisches-Foto.jpg 1032w" sizes="(max-width: 664px) 100vw, 664px" /></figure>



<figure class="wp-block-image size-large"><img loading="lazy" decoding="async" width="964" height="637" data-id="1751" src="https://www.kulturelleserbe-rlp.de/wp-content/uploads/2026/01/Ebler-Erwin-mit-seinem-Zug-vor-dem-Eifelturm-obligatorisches-Foto-red.jpg" alt="" class="wp-image-1751" srcset="https://www.kulturelleserbe-rlp.de/wp-content/uploads/2026/01/Ebler-Erwin-mit-seinem-Zug-vor-dem-Eifelturm-obligatorisches-Foto-red.jpg 964w, https://www.kulturelleserbe-rlp.de/wp-content/uploads/2026/01/Ebler-Erwin-mit-seinem-Zug-vor-dem-Eifelturm-obligatorisches-Foto-red-300x198.jpg 300w, https://www.kulturelleserbe-rlp.de/wp-content/uploads/2026/01/Ebler-Erwin-mit-seinem-Zug-vor-dem-Eifelturm-obligatorisches-Foto-red-768x507.jpg 768w" sizes="(max-width: 964px) 100vw, 964px" /></figure>
</figure>



<p><em>Erwin Ebler mit seinem Zug vor dem Eiffelturm in Paris 1940.</em></p>



<p><br>Seine Frau Anna musste nach Kriegsende davon ausgehen, dass Erwin nicht mehr zu ihr und den Kindern zurückkehren würde und stellte deshalb den Antrag auf Toderklärung, dem das Amtsgericht 1950 stattgab. Anna Ebler war nun eine von rund 100 Herxheimer Kriegswitwen. Beide Kinder hatten keine persönliche Erinnerung an ihren Vater, kannten ihn nur von den Erzählungen der Mutter und von einigen Fotos.&nbsp;</p>



<figure class="wp-block-image aligncenter size-large is-resized"><img loading="lazy" decoding="async" width="777" height="1024" src="https://www.kulturelleserbe-rlp.de/wp-content/uploads/2026/01/Ebler-Erwin-777x1024.jpg" alt="" class="wp-image-1749" style="width:419px;height:auto" srcset="https://www.kulturelleserbe-rlp.de/wp-content/uploads/2026/01/Ebler-Erwin-777x1024.jpg 777w, https://www.kulturelleserbe-rlp.de/wp-content/uploads/2026/01/Ebler-Erwin-227x300.jpg 227w, https://www.kulturelleserbe-rlp.de/wp-content/uploads/2026/01/Ebler-Erwin-768x1013.jpg 768w, https://www.kulturelleserbe-rlp.de/wp-content/uploads/2026/01/Ebler-Erwin.jpg 1026w" sizes="(max-width: 777px) 100vw, 777px" /></figure>



<p>Sohn Ansgar folgte den sportlichen Wegen seines Vaters, diente in den 1950er und 1960er Jahren des letzten Jahrhunderts als Mittelfeldspieler der 1. Mannschaft des SV Viktoria Herxheim. Seine Mutter war oft Besucherin bei den Spielen am Krönungsbusch. Möglicherweise fühlte sie sich bei den sportlichen Aktionen ihres Sohnes an ihren im Feld gebliebenen Erwin erinnert.</p>



<p>Außer auf den Bronzetafeln der Herxheimer Kriegergedächtniskapelle wird auch auf dem Soldatenfriedhof Rossoschka bei Wolgograd in Russland an ihn erinnert. Ergänzend sei angemerkt, dass auch Erwins älterer Bruder Jakob nicht mehr lebend aus dem Krieg zurückkehrte. Er wurde seit Januar 1945 bei den Abwehrkämpfen in Polen vermisst.</p>



<p>(Dr. Klaus Eichenlaub)</p>

<p>Stefanie Garrecht, Enkelin von Erwin Ebler, äußerte den Wunsch, dass Ihrem Opa, dem in Russland vermissten Erwin Ebler, ebenfalls ein Biographie gegeben werde. Mit ihrer Hilfe  konnte in das Leben des 1910 geborenen Erwin Ebler etwas Licht gebracht werden. Er war das fünfte Kind des Zigarrenmachers und Fabrikaufsehers Johannes Ebler und der Fabrikarbeiterin Katharina geb. [&hellip;]</p>
