{"id":1639,"date":"2025-11-10T13:16:14","date_gmt":"2025-11-10T13:16:14","guid":{"rendered":"https:\/\/www.kulturelleserbe-rlp.de\/?page_id=1639"},"modified":"2025-11-10T13:16:14","modified_gmt":"2025-11-10T13:16:14","slug":"dudenhoffer-karl-1901-1944","status":"publish","type":"page","link":"https:\/\/www.kulturelleserbe-rlp.de\/?page_id=1639","title":{"rendered":"Dudenh\u00f6ffer, Karl (1901-1944)"},"content":{"rendered":"\n<p>Die Familie von Karl und Luise Dudenh\u00f6ffer in der Hagstra\u00dfe 4 geh\u00f6rt zu jenen Herxheimer Familien, denen der Zweite Weltkrieg mehrfachen Tod brachte.<\/p>\n\n\n\n<p>Karl Dudenh\u00f6ffer war das f\u00fcnfte von 12 Kindern des Ehepaares Jacob Dudenh\u00f6ffer und Anna Maria geb. Rung. 1901 hatte er das Licht der Welt erblickt. Er wurde wie seine Vorfahren Landwirt. Bereits der Erste Weltkrieg hatte einem Familienmitglied den Tod an der Front gebracht, als Karls zwei Jahre \u00e4lterer Bruder Jacob im Feldlazarett\u00a0 in Escordal in Frankreich seinen Verwundungen erlegen war.<br><br>1922 heiratete Karl Dudenh\u00f6ffer Luisa Eichenlaub aus Herxheimweyher. F\u00fcr sich und ihre Familie bauten sie das Haus Hagstra\u00dfe 4, einer Stra\u00dfe, in der bis nach dem Krieg nur vier H\u00e4user standen und die erst in den 50er Jahren zum ersten \u201eNeubaugebiet\u201c Herxheims wurde. In dieses Haus zog die Familie mit ihren f\u00fcnf Kindern Eduard, Josef, Liesel, Eugenie und Anneliese, soweit sie zu diesem Zeitpunkt schon auf der Welt waren.<\/p>\n\n\n\n<figure class=\"wp-block-image size-large\"><img fetchpriority=\"high\" decoding=\"async\" width=\"694\" height=\"1024\" src=\"https:\/\/www.kulturelleserbe-rlp.de\/wp-content\/uploads\/2025\/11\/Dudenhoffer-Karl-links-694x1024.jpg\" alt=\"\" class=\"wp-image-1640\" srcset=\"https:\/\/www.kulturelleserbe-rlp.de\/wp-content\/uploads\/2025\/11\/Dudenhoffer-Karl-links-694x1024.jpg 694w, https:\/\/www.kulturelleserbe-rlp.de\/wp-content\/uploads\/2025\/11\/Dudenhoffer-Karl-links-203x300.jpg 203w, https:\/\/www.kulturelleserbe-rlp.de\/wp-content\/uploads\/2025\/11\/Dudenhoffer-Karl-links-768x1133.jpg 768w, https:\/\/www.kulturelleserbe-rlp.de\/wp-content\/uploads\/2025\/11\/Dudenhoffer-Karl-links.jpg 840w\" sizes=\"(max-width: 694px) 100vw, 694px\" \/><figcaption class=\"wp-element-caption\"><strong><mark style=\"background-color:rgba(0, 0, 0, 0);color:#111111\" class=\"has-inline-color\">Karl Dudenh\u00f6fer (links mit dem Kreuzchen markiert), um 1940.<\/mark><\/strong><\/figcaption><\/figure>\n\n\n\n<figure class=\"wp-block-audio\"><audio controls src=\"https:\/\/www.kulturelleserbe-rlp.de\/wp-content\/uploads\/2025\/11\/Dudenhoffer-Karl.mp3\"><\/audio><\/figure>\n\n\n\n<p>Obwohl schon 38 Jahre alt, musste Karl Dudenh\u00f6ffer am 6. September 1939, unmittelbar nach Ausbruch des Krieges mit dem deutschen \u00dcberfall auf Polen, zum 2. Bauersatzbataillon einr\u00fccken. Seine Einheit geh\u00f6rte zum Grenzschutz an der nahen els\u00e4ssischen oder lothringischen Grenze beim sogenannte \u201eSitzkrieg\u201c. Denn von dort war ein Angriff der mit den Polen verb\u00fcndeten Franzosen zu rechnen. Sein Einsatz f\u00fchrte ihn nachfolgend in den Krieg gegen Frankreich und am 22. Juni 1942 nach Russland. Er und seine Familie werden froh gewesen sein, als er am 20. Mai 1942 die Ostfront hinter sich lassen konnte und als Besatzungssoldat nach Belgien befohlen wurde.<\/p>\n\n\n\n<figure class=\"wp-block-image aligncenter size-large is-resized\"><img decoding=\"async\" width=\"728\" height=\"1024\" src=\"https:\/\/www.kulturelleserbe-rlp.de\/wp-content\/uploads\/2025\/11\/Dudenhoffer-Karl-als-Soldat-728x1024.jpg\" alt=\"\" class=\"wp-image-1642\" style=\"width:419px;height:auto\" srcset=\"https:\/\/www.kulturelleserbe-rlp.de\/wp-content\/uploads\/2025\/11\/Dudenhoffer-Karl-als-Soldat-728x1024.jpg 728w, https:\/\/www.kulturelleserbe-rlp.de\/wp-content\/uploads\/2025\/11\/Dudenhoffer-Karl-als-Soldat-213x300.jpg 213w, https:\/\/www.kulturelleserbe-rlp.de\/wp-content\/uploads\/2025\/11\/Dudenhoffer-Karl-als-Soldat-768x1081.jpg 768w, https:\/\/www.kulturelleserbe-rlp.de\/wp-content\/uploads\/2025\/11\/Dudenhoffer-Karl-als-Soldat-1091x1536.jpg 1091w, https:\/\/www.kulturelleserbe-rlp.de\/wp-content\/uploads\/2025\/11\/Dudenhoffer-Karl-als-Soldat-1455x2048.jpg 1455w, https:\/\/www.kulturelleserbe-rlp.de\/wp-content\/uploads\/2025\/11\/Dudenhoffer-Karl-als-Soldat.jpg 1500w\" sizes=\"(max-width: 728px) 100vw, 728px\" \/><figcaption class=\"wp-element-caption\"><mark style=\"background-color:rgba(0, 0, 0, 0);color:#111111\" class=\"has-inline-color\"><strong>Karl Dudenh\u00f6ffer in Uniform. <\/strong><\/mark><\/figcaption><\/figure>\n\n\n\n<p>Mittlerweile waren aber auch seine S\u00f6hne Eduard und Josef zu den Waffen gerufen worden. Schon im Sommer 1941 musste Karl Dudenh\u00f6ffer vom Tod seines Sohnes Eduard trauernd Kenntnis nehmen. Dieser war bei seinem soldatischen Einsatz in Russland infolge Verwundung (Abriss eines Oberschenkels) im Feldlazarett am 23. Juli 1942 gestorben und hatte sein Grab in fremder Erde gefunden. Als von Sohn Josef lange keine Nachricht mehr eintraf, musste sich die Familie auch hier auf eine Todesnachricht einstellen. Diese traf allerdings niemals ein, weil Josef als vermisst gilt. \u00dcber den Verbleib und den genauen Vermisstenhergang von Josef gibt es leider keinerlei Hinweise.<\/p>\n\n\n\n<p>Als n\u00e4chsten traf es Alois Dudenh\u00f6ffer, Bruder von Karl, der am 10. September 1943 an der Ostfront ums Leben kam. Ob Karl Dudenh\u00f6ffer auch noch die Nachricht vom Kriegstod seine Schwagers aus Herxheimweyher gemeldet bekam, kann wegen fehlender Daten nicht gesagt werden.<br>Schlie\u00dflich mussten Frau und T\u00f6chter auch um ihren Mann bzw. Vater Karl Dudenh\u00f6ffer trauern. Er fiel am 10. April 1944 in Hasselt\/Belgien bei einem Luftangriff der Alliierten. Sp\u00e4ter findet er auf dem Soldatenfriedhof im belgischen Lommel seine letzte Ruhest\u00e4tte. Es ist das Grab 298 im Block 21.<\/p>\n\n\n\n<figure class=\"wp-block-gallery has-nested-images columns-default is-cropped wp-block-gallery-1 is-layout-flex wp-block-gallery-is-layout-flex\">\n<figure class=\"wp-block-image size-large\"><img decoding=\"async\" width=\"639\" height=\"976\" data-id=\"1643\" src=\"https:\/\/www.kulturelleserbe-rlp.de\/wp-content\/uploads\/2025\/11\/Anna-Ebler-rechts-mit-Dudenhoffer-Luise-beides-Kriegswitwen.jpg\" alt=\"\" class=\"wp-image-1643\" srcset=\"https:\/\/www.kulturelleserbe-rlp.de\/wp-content\/uploads\/2025\/11\/Anna-Ebler-rechts-mit-Dudenhoffer-Luise-beides-Kriegswitwen.jpg 639w, https:\/\/www.kulturelleserbe-rlp.de\/wp-content\/uploads\/2025\/11\/Anna-Ebler-rechts-mit-Dudenhoffer-Luise-beides-Kriegswitwen-196x300.jpg 196w\" sizes=\"(max-width: 639px) 100vw, 639px\" \/><figcaption class=\"wp-element-caption\"><mark style=\"background-color:rgba(0, 0, 0, 0)\" class=\"has-inline-color has-custom-color-1-color\"><strong>Die beiden Kriegswitwen Luise Dudenh\u00f6ffer (links) mit Anna Ebler (um 1945)<\/strong><\/mark>.<\/figcaption><\/figure>\n\n\n\n<figure class=\"wp-block-image size-large\"><img loading=\"lazy\" decoding=\"async\" width=\"733\" height=\"1024\" data-id=\"1644\" src=\"https:\/\/www.kulturelleserbe-rlp.de\/wp-content\/uploads\/2025\/11\/Dudenhoffer-Karl-733x1024.jpg\" alt=\"\" class=\"wp-image-1644\" srcset=\"https:\/\/www.kulturelleserbe-rlp.de\/wp-content\/uploads\/2025\/11\/Dudenhoffer-Karl-733x1024.jpg 733w, https:\/\/www.kulturelleserbe-rlp.de\/wp-content\/uploads\/2025\/11\/Dudenhoffer-Karl-215x300.jpg 215w, https:\/\/www.kulturelleserbe-rlp.de\/wp-content\/uploads\/2025\/11\/Dudenhoffer-Karl-768x1073.jpg 768w, https:\/\/www.kulturelleserbe-rlp.de\/wp-content\/uploads\/2025\/11\/Dudenhoffer-Karl.jpg 876w\" sizes=\"(max-width: 733px) 100vw, 733px\" \/><\/figure>\n<\/figure>\n\n\n\n<p>Es ist unvorstellbar f\u00fcr uns Nachgeborene: Luise Dudenh\u00f6ffer geb. Eichenlaub wird Kriegswitwe, verliert beide S\u00f6hne, einen Schwager und einen ihrer Br\u00fcder im Zweiten Weltkrieg. Was f\u00fcr ein Schicksal!<\/p>\n\n\n\n<p>(Dr. Klaus Eichenlaub)<\/p>\n","protected":false},"excerpt":{"rendered":"<p>Die Familie von Karl und Luise Dudenh\u00f6ffer in der Hagstra\u00dfe 4 geh\u00f6rt zu jenen Herxheimer Familien, denen der Zweite Weltkrieg mehrfachen Tod brachte. Karl Dudenh\u00f6ffer war das f\u00fcnfte von 12 Kindern des Ehepaares Jacob Dudenh\u00f6ffer und Anna Maria geb. Rung. 1901 hatte er das Licht der Welt erblickt. Er wurde wie seine Vorfahren Landwirt. Bereits [&hellip;]<\/p>\n","protected":false},"author":1,"featured_media":0,"parent":0,"menu_order":0,"comment_status":"closed","ping_status":"closed","template":"","meta":{"footnotes":""},"class_list":["post-1639","page","type-page","status-publish","hentry"],"_links":{"self":[{"href":"https:\/\/www.kulturelleserbe-rlp.de\/index.php?rest_route=\/wp\/v2\/pages\/1639","targetHints":{"allow":["GET"]}}],"collection":[{"href":"https:\/\/www.kulturelleserbe-rlp.de\/index.php?rest_route=\/wp\/v2\/pages"}],"about":[{"href":"https:\/\/www.kulturelleserbe-rlp.de\/index.php?rest_route=\/wp\/v2\/types\/page"}],"author":[{"embeddable":true,"href":"https:\/\/www.kulturelleserbe-rlp.de\/index.php?rest_route=\/wp\/v2\/users\/1"}],"replies":[{"embeddable":true,"href":"https:\/\/www.kulturelleserbe-rlp.de\/index.php?rest_route=%2Fwp%2Fv2%2Fcomments&post=1639"}],"version-history":[{"count":1,"href":"https:\/\/www.kulturelleserbe-rlp.de\/index.php?rest_route=\/wp\/v2\/pages\/1639\/revisions"}],"predecessor-version":[{"id":1645,"href":"https:\/\/www.kulturelleserbe-rlp.de\/index.php?rest_route=\/wp\/v2\/pages\/1639\/revisions\/1645"}],"wp:attachment":[{"href":"https:\/\/www.kulturelleserbe-rlp.de\/index.php?rest_route=%2Fwp%2Fv2%2Fmedia&parent=1639"}],"curies":[{"name":"wp","href":"https:\/\/api.w.org\/{rel}","templated":true}]}}

Dudenhöffer, Karl (1901-1944)

<p>Die Familie von Karl und Luise Dudenhöffer in der Hagstraße 4 gehört zu jenen Herxheimer Familien, denen der Zweite Weltkrieg mehrfachen Tod brachte.</p>



<p>Karl Dudenhöffer war das fünfte von 12 Kindern des Ehepaares Jacob Dudenhöffer und Anna Maria geb. Rung. 1901 hatte er das Licht der Welt erblickt. Er wurde wie seine Vorfahren Landwirt. Bereits der Erste Weltkrieg hatte einem Familienmitglied den Tod an der Front gebracht, als Karls zwei Jahre älterer Bruder Jacob im Feldlazarett  in Escordal in Frankreich seinen Verwundungen erlegen war.<br><br>1922 heiratete Karl Dudenhöffer Luisa Eichenlaub aus Herxheimweyher. Für sich und ihre Familie bauten sie das Haus Hagstraße 4, einer Straße, in der bis nach dem Krieg nur vier Häuser standen und die erst in den 50er Jahren zum ersten „Neubaugebiet“ Herxheims wurde. In dieses Haus zog die Familie mit ihren fünf Kindern Eduard, Josef, Liesel, Eugenie und Anneliese, soweit sie zu diesem Zeitpunkt schon auf der Welt waren.</p>



<figure class="wp-block-image size-large"><img fetchpriority="high" decoding="async" width="694" height="1024" src="https://www.kulturelleserbe-rlp.de/wp-content/uploads/2025/11/Dudenhoffer-Karl-links-694x1024.jpg" alt="" class="wp-image-1640" srcset="https://www.kulturelleserbe-rlp.de/wp-content/uploads/2025/11/Dudenhoffer-Karl-links-694x1024.jpg 694w, https://www.kulturelleserbe-rlp.de/wp-content/uploads/2025/11/Dudenhoffer-Karl-links-203x300.jpg 203w, https://www.kulturelleserbe-rlp.de/wp-content/uploads/2025/11/Dudenhoffer-Karl-links-768x1133.jpg 768w, https://www.kulturelleserbe-rlp.de/wp-content/uploads/2025/11/Dudenhoffer-Karl-links.jpg 840w" sizes="(max-width: 694px) 100vw, 694px" /><figcaption class="wp-element-caption"><strong><mark style="background-color:rgba(0, 0, 0, 0);color:#111111" class="has-inline-color">Karl Dudenhöfer (links mit dem Kreuzchen markiert), um 1940.</mark></strong></figcaption></figure>



<figure class="wp-block-audio"><audio controls src="https://www.kulturelleserbe-rlp.de/wp-content/uploads/2025/11/Dudenhoffer-Karl.mp3"></audio></figure>



<p>Obwohl schon 38 Jahre alt, musste Karl Dudenhöffer am 6. September 1939, unmittelbar nach Ausbruch des Krieges mit dem deutschen Überfall auf Polen, zum 2. Bauersatzbataillon einrücken. Seine Einheit gehörte zum Grenzschutz an der nahen elsässischen oder lothringischen Grenze beim sogenannte „Sitzkrieg“. Denn von dort war ein Angriff der mit den Polen verbündeten Franzosen zu rechnen. Sein Einsatz führte ihn nachfolgend in den Krieg gegen Frankreich und am 22. Juni 1942 nach Russland. Er und seine Familie werden froh gewesen sein, als er am 20. Mai 1942 die Ostfront hinter sich lassen konnte und als Besatzungssoldat nach Belgien befohlen wurde.</p>



<figure class="wp-block-image aligncenter size-large is-resized"><img decoding="async" width="728" height="1024" src="https://www.kulturelleserbe-rlp.de/wp-content/uploads/2025/11/Dudenhoffer-Karl-als-Soldat-728x1024.jpg" alt="" class="wp-image-1642" style="width:419px;height:auto" srcset="https://www.kulturelleserbe-rlp.de/wp-content/uploads/2025/11/Dudenhoffer-Karl-als-Soldat-728x1024.jpg 728w, https://www.kulturelleserbe-rlp.de/wp-content/uploads/2025/11/Dudenhoffer-Karl-als-Soldat-213x300.jpg 213w, https://www.kulturelleserbe-rlp.de/wp-content/uploads/2025/11/Dudenhoffer-Karl-als-Soldat-768x1081.jpg 768w, https://www.kulturelleserbe-rlp.de/wp-content/uploads/2025/11/Dudenhoffer-Karl-als-Soldat-1091x1536.jpg 1091w, https://www.kulturelleserbe-rlp.de/wp-content/uploads/2025/11/Dudenhoffer-Karl-als-Soldat-1455x2048.jpg 1455w, https://www.kulturelleserbe-rlp.de/wp-content/uploads/2025/11/Dudenhoffer-Karl-als-Soldat.jpg 1500w" sizes="(max-width: 728px) 100vw, 728px" /><figcaption class="wp-element-caption"><mark style="background-color:rgba(0, 0, 0, 0);color:#111111" class="has-inline-color"><strong>Karl Dudenhöffer in Uniform. </strong></mark></figcaption></figure>



<p>Mittlerweile waren aber auch seine Söhne Eduard und Josef zu den Waffen gerufen worden. Schon im Sommer 1941 musste Karl Dudenhöffer vom Tod seines Sohnes Eduard trauernd Kenntnis nehmen. Dieser war bei seinem soldatischen Einsatz in Russland infolge Verwundung (Abriss eines Oberschenkels) im Feldlazarett am 23. Juli 1942 gestorben und hatte sein Grab in fremder Erde gefunden. Als von Sohn Josef lange keine Nachricht mehr eintraf, musste sich die Familie auch hier auf eine Todesnachricht einstellen. Diese traf allerdings niemals ein, weil Josef als vermisst gilt. Über den Verbleib und den genauen Vermisstenhergang von Josef gibt es leider keinerlei Hinweise.</p>



<p>Als nächsten traf es Alois Dudenhöffer, Bruder von Karl, der am 10. September 1943 an der Ostfront ums Leben kam. Ob Karl Dudenhöffer auch noch die Nachricht vom Kriegstod seine Schwagers aus Herxheimweyher gemeldet bekam, kann wegen fehlender Daten nicht gesagt werden.<br>Schließlich mussten Frau und Töchter auch um ihren Mann bzw. Vater Karl Dudenhöffer trauern. Er fiel am 10. April 1944 in Hasselt/Belgien bei einem Luftangriff der Alliierten. Später findet er auf dem Soldatenfriedhof im belgischen Lommel seine letzte Ruhestätte. Es ist das Grab 298 im Block 21.</p>



<figure class="wp-block-gallery has-nested-images columns-default is-cropped wp-block-gallery-1 is-layout-flex wp-block-gallery-is-layout-flex">
<figure class="wp-block-image size-large"><img decoding="async" width="639" height="976" data-id="1643" src="https://www.kulturelleserbe-rlp.de/wp-content/uploads/2025/11/Anna-Ebler-rechts-mit-Dudenhoffer-Luise-beides-Kriegswitwen.jpg" alt="" class="wp-image-1643" srcset="https://www.kulturelleserbe-rlp.de/wp-content/uploads/2025/11/Anna-Ebler-rechts-mit-Dudenhoffer-Luise-beides-Kriegswitwen.jpg 639w, https://www.kulturelleserbe-rlp.de/wp-content/uploads/2025/11/Anna-Ebler-rechts-mit-Dudenhoffer-Luise-beides-Kriegswitwen-196x300.jpg 196w" sizes="(max-width: 639px) 100vw, 639px" /><figcaption class="wp-element-caption"><mark style="background-color:rgba(0, 0, 0, 0)" class="has-inline-color has-custom-color-1-color"><strong>Die beiden Kriegswitwen Luise Dudenhöffer (links) mit Anna Ebler (um 1945)</strong></mark>.</figcaption></figure>



<figure class="wp-block-image size-large"><img loading="lazy" decoding="async" width="733" height="1024" data-id="1644" src="https://www.kulturelleserbe-rlp.de/wp-content/uploads/2025/11/Dudenhoffer-Karl-733x1024.jpg" alt="" class="wp-image-1644" srcset="https://www.kulturelleserbe-rlp.de/wp-content/uploads/2025/11/Dudenhoffer-Karl-733x1024.jpg 733w, https://www.kulturelleserbe-rlp.de/wp-content/uploads/2025/11/Dudenhoffer-Karl-215x300.jpg 215w, https://www.kulturelleserbe-rlp.de/wp-content/uploads/2025/11/Dudenhoffer-Karl-768x1073.jpg 768w, https://www.kulturelleserbe-rlp.de/wp-content/uploads/2025/11/Dudenhoffer-Karl.jpg 876w" sizes="(max-width: 733px) 100vw, 733px" /></figure>
</figure>



<p>Es ist unvorstellbar für uns Nachgeborene: Luise Dudenhöffer geb. Eichenlaub wird Kriegswitwe, verliert beide Söhne, einen Schwager und einen ihrer Brüder im Zweiten Weltkrieg. Was für ein Schicksal!</p>



<p>(Dr. Klaus Eichenlaub)</p>

<p>Die Familie von Karl und Luise Dudenhöffer in der Hagstraße 4 gehört zu jenen Herxheimer Familien, denen der Zweite Weltkrieg mehrfachen Tod brachte. Karl Dudenhöffer war das fünfte von 12 Kindern des Ehepaares Jacob Dudenhöffer und Anna Maria geb. Rung. 1901 hatte er das Licht der Welt erblickt. Er wurde wie seine Vorfahren Landwirt. Bereits [&hellip;]</p>
