{"id":1377,"date":"2025-09-30T09:22:52","date_gmt":"2025-09-30T09:22:52","guid":{"rendered":"https:\/\/www.kulturelleserbe-rlp.de\/?page_id=1377"},"modified":"2025-11-10T10:04:27","modified_gmt":"2025-11-10T10:04:27","slug":"fundort-eines-mittelalterlichen-munzschatzes-in-romerberg-mechtersheim","status":"publish","type":"page","link":"https:\/\/www.kulturelleserbe-rlp.de\/?page_id=1377","title":{"rendered":"Fundort eines mittelalterlichen M\u00fcnzschatzes in R\u00f6merberg-Mechtersheim"},"content":{"rendered":"\n<h3 class=\"wp-block-heading\">Lost Places in <a href=\"https:\/\/www.kuladig.de\/Objektansicht\/KLD-356500\">R\u00f6merberg<\/a><\/h3>\n\n\n\n<p><\/p>\n\n\n\n<div class=\"wp-block-group alignfull has-accent-background-color has-background has-global-padding is-layout-constrained wp-container-core-group-is-layout-669513ed wp-block-group-is-layout-constrained\" style=\"margin-top:0;margin-bottom:0;padding-top:var(--wp--preset--spacing--50);padding-right:var(--wp--preset--spacing--50);padding-bottom:var(--wp--preset--spacing--50);padding-left:var(--wp--preset--spacing--50)\">\n<div class=\"wp-block-columns alignwide is-layout-flex wp-container-core-columns-is-layout-1da03c2a wp-block-columns-is-layout-flex\">\n<div class=\"wp-block-column is-vertically-aligned-stretch is-layout-flow wp-block-column-is-layout-flow\" style=\"flex-basis:50%\">\n<div class=\"wp-block-group is-vertical is-content-justification-stretch is-layout-flex wp-container-core-group-is-layout-444d5ee8 wp-block-group-is-layout-flex\" style=\"min-height:100%\">\n<p class=\"has-heading-font-family has-x-large-font-size\" style=\"line-height:1.2\">Als man den Topf vorsichtig \u00f6ffnete, blieb den Umstehenden wohl der Mund offen stehen. Das Gef\u00e4\u00df war bis zum Rand gef\u00fcllt mit einer Unzahl alter M\u00fcnzen.<\/p>\n\n\n\n<p>Im Mai 1910 wurde auf dem Anwesen von Wagnermeister Georg Gei\u00df (1880 \u2013 1955) und seiner Ehefrau Katharina geb. von Gerichten (1887 \u2013 1968) im Bereich des Altenhofs (heute Mechtersheimer Str. 52) eine neue Dunggrube ausgehoben. Dabei stie\u00df man auf einen schwarzgebrannten Tontopf mit Deckel, der nat\u00fcrlich gleich das Interesse der Mithelfenden erregte. Als man den Topf vorsichtig \u00f6ffnete, blieb den Umstehenden wohl der Mund offen stehen. Das Gef\u00e4\u00df war bis zum Rand gef\u00fcllt mit einer Unzahl alter M\u00fcnzen.<\/p>\n\n\n\n<div class=\"wp-block-group has-global-padding is-content-justification-left is-layout-constrained wp-container-core-group-is-layout-9fe8ed88 wp-block-group-is-layout-constrained\">\n<div class=\"wp-block-buttons is-layout-flex wp-block-buttons-is-layout-flex\">\n<div class=\"wp-block-button\"><a class=\"wp-block-button__link wp-element-button\" href=\"https:\/\/www.kuladig.de\/Objektansicht\/KLD-356652\">Zum KuLaDig-Objekt<\/a><\/div>\n<\/div>\n<\/div>\n<\/div>\n<\/div>\n\n\n\n<div class=\"wp-block-column is-vertically-aligned-center is-layout-flow wp-block-column-is-layout-flow\" style=\"flex-basis:50%\">\n<figure class=\"wp-block-image size-full is-style-rounded is-style-rounded--1\"><img fetchpriority=\"high\" decoding=\"async\" width=\"500\" height=\"689\" src=\"https:\/\/www.kulturelleserbe-rlp.de\/wp-content\/uploads\/2025\/09\/Munzschatz.jpg\" alt=\"\" class=\"wp-image-1378\" style=\"aspect-ratio:3\/4;object-fit:cover\" srcset=\"https:\/\/www.kulturelleserbe-rlp.de\/wp-content\/uploads\/2025\/09\/Munzschatz.jpg 500w, https:\/\/www.kulturelleserbe-rlp.de\/wp-content\/uploads\/2025\/09\/Munzschatz-218x300.jpg 218w\" sizes=\"(max-width: 500px) 100vw, 500px\" \/><figcaption class=\"wp-element-caption\"><mark style=\"background-color:rgba(0, 0, 0, 0)\" class=\"has-inline-color has-custom-color-1-color\"><strong>Der M\u00fcnzschatz von R\u00f6merberg-Mechtersheim (Bild: Peter Haag-Kirchner, Historisches Museum der Pfalz in Speyer)<\/strong><\/mark><\/figcaption><\/figure>\n<\/div>\n<\/div>\n<\/div>\n\n\n\n<div class=\"wp-block-group alignfull has-base-background-color has-background has-global-padding is-layout-constrained wp-container-core-group-is-layout-d89aad35 wp-block-group-is-layout-constrained\" style=\"margin-top:0;margin-bottom:0;padding-top:var(--wp--preset--spacing--50);padding-right:var(--wp--preset--spacing--50);padding-bottom:var(--wp--preset--spacing--50);padding-left:var(--wp--preset--spacing--50)\">\n<div class=\"wp-block-columns alignwide is-layout-flex wp-container-core-columns-is-layout-549b0c86 wp-block-columns-is-layout-flex\">\n<div class=\"wp-block-column is-layout-flow wp-block-column-is-layout-flow\">\n<h2 class=\"wp-block-heading\"><strong><strong><strong><strong>Der Fund umfasste zur Zeit des Hochmittelalters etwa 500 Tagesl\u00f6hne<\/strong><\/strong><\/strong><\/strong><\/h2>\n\n\n\n<div class=\"wp-block-columns is-layout-flex wp-container-core-columns-is-layout-28f84493 wp-block-columns-is-layout-flex\">\n<div class=\"wp-block-column is-layout-flow wp-block-column-is-layout-flow\">\n<figure class=\"wp-block-image size-full\"><img decoding=\"async\" width=\"740\" height=\"402\" src=\"https:\/\/www.kulturelleserbe-rlp.de\/wp-content\/uploads\/2025\/09\/Munzschatz-1.jpg\" alt=\"\" class=\"wp-image-1379\" srcset=\"https:\/\/www.kulturelleserbe-rlp.de\/wp-content\/uploads\/2025\/09\/Munzschatz-1.jpg 740w, https:\/\/www.kulturelleserbe-rlp.de\/wp-content\/uploads\/2025\/09\/Munzschatz-1-300x163.jpg 300w\" sizes=\"(max-width: 740px) 100vw, 740px\" \/><figcaption class=\"wp-element-caption\"><strong><mark style=\"background-color:rgba(0, 0, 0, 0)\" class=\"has-inline-color has-custom-color-1-color\"><em>M\u00fcnzbeispiel aus der Speyerer M\u00fcnzanstalt von Bischof <\/em><\/mark><\/strong><strong><mark style=\"background-color:rgba(0, 0, 0, 0)\" class=\"has-inline-color has-custom-color-1-color\"><em>Konrad I.<\/em>&nbsp;<\/mark><\/strong><\/figcaption><\/figure>\n<\/div>\n\n\n\n<div class=\"wp-block-column is-layout-flow wp-block-column-is-layout-flow\">\n<p>Wie es sich durch die Expertise des Historischen Vereins der Pfalz, der einen Gro\u00dfteil der Fundst\u00fccke erwerben konnte, nach entsprechender Z\u00e4hlung und Analyse herausstellte, handelte es sich dabei um 3446 ganze und 521 halbierte Denare aus dem Mittelalter. Im 8. Jahrhundert war der Denar seit Karl dem Gro\u00dfen die Hauptm\u00fcnze des Karolinger-Reiches und gleichbedeutend mit dem Pfennig. Dass der Wert eines mittelalterlichen Pfennigs kaum mit diesem M\u00fcnzwert des 20. Jahrhunderts vergleichbar ist, bleibt nachvollziehbar. Die <\/p>\n<\/div>\n\n\n\n<div class=\"wp-block-column is-layout-flow wp-block-column-is-layout-flow\">\n<p>Bedeutung dieses Schatzes war immens f\u00fcr den anzunehmenden&nbsp;fr\u00fchen Einwohner Mechtersheim, der die M\u00fcnzen wohl in Kriegszeiten versteckt haben muss. Der Fund umfasste zur Zeit des Hochmittelalters etwa 500 Tagesl\u00f6hne. Nur sehr reiche Kaufleute oder W\u00fcrdentr\u00e4ger konnten eine solche Geldmenge besitzen. Heute werden diese antiken M\u00fcnzen f\u00fcr Sammler mit jeweils deutlich \u00fcber 100 Euro gehandelt. Der Sammlerwert des gesamten Fundes w\u00fcrde heute also \u00fcber 500.000 Euro betragen.<\/p>\n<\/div>\n<\/div>\n\n\n\n<h2 class=\"wp-block-heading\"><\/h2>\n<\/div>\n<\/div>\n<\/div>\n\n\n\n<div class=\"wp-block-group alignfull has-accent-5-background-color has-background has-global-padding is-layout-constrained wp-container-core-group-is-layout-d89aad35 wp-block-group-is-layout-constrained\" style=\"margin-top:0;margin-bottom:0;padding-top:var(--wp--preset--spacing--50);padding-right:var(--wp--preset--spacing--50);padding-bottom:var(--wp--preset--spacing--50);padding-left:var(--wp--preset--spacing--50)\">\n<div class=\"wp-block-columns alignwide is-layout-flex wp-container-core-columns-is-layout-1da03c2a wp-block-columns-is-layout-flex\">\n<div class=\"wp-block-column is-vertically-aligned-center is-layout-flow wp-block-column-is-layout-flow\" style=\"flex-basis:60%\">\n<figure class=\"wp-block-image size-large\"><img decoding=\"async\" width=\"768\" height=\"1024\" src=\"https:\/\/www.kulturelleserbe-rlp.de\/wp-content\/uploads\/2025\/09\/Burg_Scharfenberg_im_Pfalzerwald-768x1024.jpg\" alt=\"\" class=\"wp-image-1381\" srcset=\"https:\/\/www.kulturelleserbe-rlp.de\/wp-content\/uploads\/2025\/09\/Burg_Scharfenberg_im_Pfalzerwald-768x1024.jpg 768w, https:\/\/www.kulturelleserbe-rlp.de\/wp-content\/uploads\/2025\/09\/Burg_Scharfenberg_im_Pfalzerwald-225x300.jpg 225w, https:\/\/www.kulturelleserbe-rlp.de\/wp-content\/uploads\/2025\/09\/Burg_Scharfenberg_im_Pfalzerwald.jpg 800w\" sizes=\"(max-width: 768px) 100vw, 768px\" \/><figcaption class=\"wp-element-caption\"><mark style=\"background-color:rgba(0, 0, 0, 0)\" class=\"has-inline-color has-custom-color-1-color\"><strong>Burg Scharfenberg im Pf\u00e4lzerwald bei Leinsweiler (Bild: TipFox via Wikimedia-Commons)<\/strong><\/mark><\/figcaption><\/figure>\n<\/div>\n\n\n\n<div class=\"wp-block-column is-layout-flow wp-block-column-is-layout-flow\" style=\"flex-basis:40%\">\n<h2 class=\"wp-block-heading\"><strong>Die Bisch\u00f6fe in Speyer<\/strong><\/h2>\n\n\n\n<p>Heinrich I. von Scharfenberg, die Familie hatte ihren Stammsitz auf der Burg Scharfenberg bei Leinsweiler und Annweiler (\u201eM\u00fcnz\u201c), war ein Jugendfreund von K\u00f6nig Heinrich IV. (1050 \u2013 1106) und wurde von diesem noch als Minderj\u00e4hriger zum 31. Bischof von Speyer ernannt. Seit Mitte des 10. Jahrhunderts hatten die Bisch\u00f6fe dort das M\u00fcnzrecht. Die Stadtbev\u00f6lkerung zeigte gegen\u00fcber dem eingesetzten Jungspunt wenig Respekt, zumal dieser \u201eein genusss\u00fcchtiger Verschwender war, der das Kirchengut ungehemmt verprasste\u201c. Ein Chronist berichtet, dass er am 29. Dezember vor Mitternacht, wohl im Jahr 1072, starb, nachdem er w\u00e4hrend der Liturgie im abendlichen Vespergottesdienst einen Erstickungsanfall erlitten hatte.&nbsp;<\/p>\n\n\n\n<p>Ob die M\u00fcnzen mit einem gro\u00dfz\u00fcgigen Umbau des Doms nach 1081 zu tun hat, l\u00e4sst sich nicht nachweisen. Bischof R\u00fcdiger (genannt Huzmann), von 1074 bis 1090 Nachfolger von Bischof Heinrich I., stattete die st\u00e4dtischen Juden als Fernhandelskaufleute mit weitreichenden Privilegien aus. Ob hier in Mechtersheim einer dieser Kaufleute seinen Schatz versteckte, als er auf Reisen ging oder Kriegsgefahr nahte?<\/p>\n<\/div>\n<\/div>\n<\/div>\n\n\n\n<div class=\"wp-block-group alignfull has-base-background-color has-background has-global-padding is-layout-constrained wp-container-core-group-is-layout-d89aad35 wp-block-group-is-layout-constrained\" style=\"margin-top:0;margin-bottom:0;padding-top:var(--wp--preset--spacing--50);padding-right:var(--wp--preset--spacing--50);padding-bottom:var(--wp--preset--spacing--50);padding-left:var(--wp--preset--spacing--50)\">\n<div class=\"wp-block-columns alignwide is-layout-flex wp-container-core-columns-is-layout-549b0c86 wp-block-columns-is-layout-flex\">\n<div class=\"wp-block-column is-layout-flow wp-block-column-is-layout-flow\">\n<h2 class=\"wp-block-heading\"><strong><strong><strong><strong><strong>Die einzelnen M\u00fcnzen<\/strong><\/strong><\/strong><\/strong><\/strong><\/h2>\n\n\n\n<div class=\"wp-block-columns is-layout-flex wp-container-core-columns-is-layout-28f84493 wp-block-columns-is-layout-flex\">\n<div class=\"wp-block-column is-layout-flow wp-block-column-is-layout-flow\">\n<p>Bis auf ca. 150 M\u00fcnzen waren fast alle M\u00fcnzen in der Speyerer M\u00fcnzanstalt unter Bischof Heinrich I. von Scharfenberg gepr\u00e4gt, der von 1067 bis 1073 den Speyerer Bischofsstuhl innehatte. Die Geldst\u00fccke haben einen Durchmesser von etwa 20 mm und wiegen 0,8 bis 0,9 g. Die Vorderseiten zeigen die Brustbilder zweier gekr\u00f6nter K\u00f6nige, beschriftet mit den Buchstaben HENRICVS REX (K\u00f6nig Heinrich). Sie sind ein Hinweis auf die Zeit des Doppelk\u00f6nigtums von&nbsp;Konrad II. und Heinrich III. (1039 \u2013 1056). Auf der R\u00fcckseite der M\u00fcnze ist ein Bischof mit Bischofsstab abgebildet. Die Umschrift lautet HENRICVS EP[i]S[copus] (Bischof Heinrich).<\/p>\n<\/div>\n\n\n\n<div class=\"wp-block-column is-layout-flow wp-block-column-is-layout-flow\">\n<p>Es kann konstatiert werden, dass der Schatz noch in der Amtszeit von Bischof Heinrich vergraben wurde. Weitere M\u00fcnzen stammen aus den Pr\u00e4geanstalten Worms, Mainz, Konstanz und Stra\u00dfburg, einzelne Exemplare kamen aus Trier, Basel, Z\u00fcrich, Augsburg, Goslar und dem italienischen Lucca, allesamt aus dem angegebenen Zeitraum. Teilweise wirkten die Geldst\u00fccke noch stempelfrisch und zeigten keine Abnutzungserscheinungen durch einen l\u00e4ngeren Umlauf. Auff\u00e4llig waren die vielen, scharf zerschnittenen und halbierten Denare, deren Wert offensichtlich im Handel notwendig waren.<\/p>\n<\/div>\n\n\n\n<div class=\"wp-block-column is-layout-flow wp-block-column-is-layout-flow\">\n<p>Das Gesamtgewicht der M\u00fcnzen betr\u00e4gt ca. 3250 Gramm. Sie werden im Historischen Museum in Speyer aufbewahrt, ein Teil muss jedoch in andere H\u00e4nde gelangt sein. Auf den M\u00fcnzen sind h\u00e4ufig Gesichter, wohl die Regenten oder Landesherrn&nbsp;der jeweiligen Pr\u00e4gest\u00e4tten, aber auch Geb\u00e4ude (Kirchen?) sowie verschiedene Kreuzformen abgebildet. Durch letztere sind einzelne Funde auch dem jeweiligen Bischofssitz zuzuordnen. Numismatiker bewerten den Schatzfund von Mechtersheim als den bedeutendsten M\u00fcnzfund aus dem salischen Reich.<\/p>\n<\/div>\n<\/div>\n\n\n\n<h2 class=\"wp-block-heading\"><\/h2>\n<\/div>\n<\/div>\n\n\n\n<figure class=\"wp-block-image size-full is-resized\"><img loading=\"lazy\" decoding=\"async\" width=\"439\" height=\"338\" src=\"https:\/\/www.kulturelleserbe-rlp.de\/wp-content\/uploads\/2025\/09\/Speyer-koelner-zeichnung.jpeg\" alt=\"\" class=\"wp-image-1382\" style=\"width:800px;height:auto\" srcset=\"https:\/\/www.kulturelleserbe-rlp.de\/wp-content\/uploads\/2025\/09\/Speyer-koelner-zeichnung.jpeg 439w, https:\/\/www.kulturelleserbe-rlp.de\/wp-content\/uploads\/2025\/09\/Speyer-koelner-zeichnung-300x231.jpeg 300w\" sizes=\"(max-width: 439px) 100vw, 439px\" \/><figcaption class=\"wp-element-caption\"><mark style=\"background-color:rgba(0, 0, 0, 0);color:#111111\" class=\"has-inline-color\"><strong>Speyer, Dom und Jesuitenkirche nach der sog. &#8220;K\u00f6lner Zeichnung&#8221; von 1606 (Bild: gemeinfrei)<\/strong><\/mark><\/figcaption><\/figure>\n<\/div>\n\n\n\n<div class=\"wp-block-group alignfull has-base-background-color has-background has-global-padding is-layout-constrained wp-container-core-group-is-layout-d89aad35 wp-block-group-is-layout-constrained\" style=\"margin-top:0;margin-bottom:0;padding-top:var(--wp--preset--spacing--50);padding-right:var(--wp--preset--spacing--50);padding-bottom:var(--wp--preset--spacing--50);padding-left:var(--wp--preset--spacing--50)\">\n<div class=\"wp-block-columns alignwide is-layout-flex wp-container-core-columns-is-layout-549b0c86 wp-block-columns-is-layout-flex\">\n<div class=\"wp-block-column is-layout-flow wp-block-column-is-layout-flow\">\n<h2 class=\"wp-block-heading\">Folgerungen aus dem Fund<\/h2>\n\n\n\n<div class=\"wp-block-columns is-layout-flex wp-container-core-columns-is-layout-28f84493 wp-block-columns-is-layout-flex\">\n<div class=\"wp-block-column is-layout-flow wp-block-column-is-layout-flow\">\n<p>Im Investiturstreit zwischen der weltlichen Macht des Saliergeschlechts und der geistlichen Macht des Papstes, bei dem es um die Zust\u00e4ndigkeit f\u00fcr die Einsetzung von \u00c4bten und Bisch\u00f6fen ging, hielt sich Bischof R\u00fcdiger auf&nbsp;die Seite von K\u00f6nig Heinrich IV. und geriet deshalb unter p\u00e4pstlichen Bann. Um den Bann zu l\u00f6sen, zog er nach Rom und nahm eine Klosterhaft auf sich. Auf jeden Fall liegt die Zeit, aus der der Fund stammt, vor der ersten urkundlichen Erw\u00e4hnung der R\u00f6merberger Ortsteile (Mechtersheim: 1136, Heiligenstein und <\/p>\n\n\n\n<p><\/p>\n<\/div>\n\n\n\n<div class=\"wp-block-column is-layout-flow wp-block-column-is-layout-flow\">\n<p>Berghausen 1191) und beweist, dass es bereits zuvor, wie z.B. das merowingische Gr\u00e4berfeld am \u201eAlten Berg\u201c in Heiligenstein beweist, eine menschliche Besiedlung der R\u00f6merberger Ortsteile gab.<\/p>\n\n\n\n<p>(Hartwig Humbert, Verein f\u00fcr Heimat- und Brauchtumspflege in R\u00f6merberg e.V., 2025)<\/p>\n<\/div>\n<\/div>\n<\/div>\n<\/div>\n\n\n\n<p><\/p>\n<\/div>\n","protected":false},"excerpt":{"rendered":"<p>Lost Places in R\u00f6merberg Als man den Topf vorsichtig \u00f6ffnete, blieb den Umstehenden wohl der Mund offen stehen. Das Gef\u00e4\u00df war bis zum Rand gef\u00fcllt mit einer Unzahl alter M\u00fcnzen. Im Mai 1910 wurde auf dem Anwesen von Wagnermeister Georg Gei\u00df (1880 \u2013 1955) und seiner Ehefrau Katharina geb. von Gerichten (1887 \u2013 1968) im [&hellip;]<\/p>\n","protected":false},"author":1,"featured_media":0,"parent":0,"menu_order":0,"comment_status":"closed","ping_status":"closed","template":"","meta":{"footnotes":""},"class_list":["post-1377","page","type-page","status-publish","hentry"],"_links":{"self":[{"href":"https:\/\/www.kulturelleserbe-rlp.de\/index.php?rest_route=\/wp\/v2\/pages\/1377","targetHints":{"allow":["GET"]}}],"collection":[{"href":"https:\/\/www.kulturelleserbe-rlp.de\/index.php?rest_route=\/wp\/v2\/pages"}],"about":[{"href":"https:\/\/www.kulturelleserbe-rlp.de\/index.php?rest_route=\/wp\/v2\/types\/page"}],"author":[{"embeddable":true,"href":"https:\/\/www.kulturelleserbe-rlp.de\/index.php?rest_route=\/wp\/v2\/users\/1"}],"replies":[{"embeddable":true,"href":"https:\/\/www.kulturelleserbe-rlp.de\/index.php?rest_route=%2Fwp%2Fv2%2Fcomments&post=1377"}],"version-history":[{"count":9,"href":"https:\/\/www.kulturelleserbe-rlp.de\/index.php?rest_route=\/wp\/v2\/pages\/1377\/revisions"}],"predecessor-version":[{"id":1606,"href":"https:\/\/www.kulturelleserbe-rlp.de\/index.php?rest_route=\/wp\/v2\/pages\/1377\/revisions\/1606"}],"wp:attachment":[{"href":"https:\/\/www.kulturelleserbe-rlp.de\/index.php?rest_route=%2Fwp%2Fv2%2Fmedia&parent=1377"}],"curies":[{"name":"wp","href":"https:\/\/api.w.org\/{rel}","templated":true}]}}