{"id":1143,"date":"2025-07-02T11:59:24","date_gmt":"2025-07-02T11:59:24","guid":{"rendered":"https:\/\/www.kulturelleserbe-rlp.de\/?page_id=1143"},"modified":"2025-07-02T12:02:37","modified_gmt":"2025-07-02T12:02:37","slug":"biegard-alfred-johannes-1923-1942","status":"publish","type":"page","link":"https:\/\/www.kulturelleserbe-rlp.de\/?page_id=1143","title":{"rendered":"Alfred Johannes Biegard (1923-1942)"},"content":{"rendered":"\n<p>Alfred Johannes Biegard kam am 18. Dezember 1923 in Herxheim in der Speiertsgasse 5 auf die Welt. Seine Eltern waren der Zigarrenmacher Franz Biegard und Barbara Vonderschmitt. Wenig ist uns \u00fcber Alfred Biegard bekannt. Elfj\u00e4hrig wird er Mitglied in der Hitlerjugend. Als der Krieg begann und die schnellen Siege Deutschlands gegen Polen und Frankreich in weiten Bev\u00f6lkerungskreisen Begeisterung hervorriefen, da zeigte auch Alfred Biegard N\u00e4he zur nationalsozialistischen Regierung und wurde am 1. September 1941 mit der Mitgliedsnummer 8.579.429 Mitglied der NSDAP.<\/p>\n\n\n\n<figure class=\"wp-block-audio\"><audio controls src=\"https:\/\/www.kulturelleserbe-rlp.de\/wp-content\/uploads\/2025\/07\/Alfred-Biegard.mp3\"><\/audio><\/figure>\n\n\n\n<p>Mit 19 Jahren musste er\u00a0pflichtgem\u00e4\u00df zum halbj\u00e4hrigen Dienst\u00a0beim Reichsarbeitsdienst (RAD) antreten. Unmittelbar danach wurde er ab 14. April 1942 Soldat im Infanterie Ersatzbataillon 110 Mannheim, um schon bald darauf als Gefreiter an der Ostfront zum Einsatz zu kommen. Er erfuhr eine Auszeichnung mit dem Eisernen Kreuz zweiter Klasse. Zum Jahresende 1942 war der Winter erneut extrem kalt und der Roten Armee gelang es, der deutschen\u00a0Heeresleitung das Konzept des Handelns zu nehmen und ihr das Konzept des Reagierens aufzuzwingen. Das war nicht nur im Falle von Stalingrad so, sondern auch im Mittelabschnitt der Ostfront, wo die 9. Armee\u00a0in der Schlacht um Moskau zur\u00fcckgeschlagen worden war und die Rote Armee in einer Reihe von Operationen versuchte, die n\u00f6rdlich und \u00f6stlich von Rschew stehende deutsche Abwehr zu durchbrechen und die Divisionen der 9. Armee in diesem vorspringenden Frontbogen abzuschneiden und zu vernichten.\u00a0 <\/p>\n\n\n\n<figure class=\"wp-block-image aligncenter size-large is-resized\"><img fetchpriority=\"high\" decoding=\"async\" width=\"594\" height=\"1024\" src=\"https:\/\/www.kulturelleserbe-rlp.de\/wp-content\/uploads\/2025\/07\/Biegard-Alfred-594x1024.jpg\" alt=\"\" class=\"wp-image-1144\" style=\"width:336px;height:auto\" srcset=\"https:\/\/www.kulturelleserbe-rlp.de\/wp-content\/uploads\/2025\/07\/Biegard-Alfred-594x1024.jpg 594w, https:\/\/www.kulturelleserbe-rlp.de\/wp-content\/uploads\/2025\/07\/Biegard-Alfred-174x300.jpg 174w, https:\/\/www.kulturelleserbe-rlp.de\/wp-content\/uploads\/2025\/07\/Biegard-Alfred-768x1323.jpg 768w, https:\/\/www.kulturelleserbe-rlp.de\/wp-content\/uploads\/2025\/07\/Biegard-Alfred-892x1536.jpg 892w, https:\/\/www.kulturelleserbe-rlp.de\/wp-content\/uploads\/2025\/07\/Biegard-Alfred.jpg 938w\" sizes=\"(max-width: 594px) 100vw, 594px\" \/><\/figure>\n\n\n\n<p><em>                                                   Sterbeanzeige Alfred Biegards (1942)<\/em>.<\/p>\n\n\n\n<p>Zur 9. Armee scheint auch\u00a0Alfred Biegards Einheit geh\u00f6rt zu haben. In diesen Tagen des Hin und Her verzeichnen die Deutschen zahlreiche Verluste. 60.000 deutsche Soldaten fanden in diesem K\u00e4mpfen den Tod. Alfred Biegard erhielt am 10. Dezember\u00a01942\u00a0einen Bauchschuss und starb.\u00a0Im Gedenkbuch der Kriegsgr\u00e4berst\u00e4tte Rshew in Russland ist sein Name verzeichnet. In Herxheim trauerten seine Eltern und ein uns bislang unbekannter Bruder um ihn.<\/p>\n\n\n\n<p><\/p>\n\n\n\n<p>(Dr. Klaus Eichenlaub)<\/p>\n","protected":false},"excerpt":{"rendered":"<p>Alfred Johannes Biegard kam am 18. Dezember 1923 in Herxheim in der Speiertsgasse 5 auf die Welt. Seine Eltern waren der Zigarrenmacher Franz Biegard und Barbara Vonderschmitt. Wenig ist uns \u00fcber Alfred Biegard bekannt. Elfj\u00e4hrig wird er Mitglied in der Hitlerjugend. Als der Krieg begann und die schnellen Siege Deutschlands gegen Polen und Frankreich in [&hellip;]<\/p>\n","protected":false},"author":1,"featured_media":0,"parent":0,"menu_order":0,"comment_status":"closed","ping_status":"closed","template":"","meta":{"footnotes":""},"class_list":["post-1143","page","type-page","status-publish","hentry"],"_links":{"self":[{"href":"https:\/\/www.kulturelleserbe-rlp.de\/index.php?rest_route=\/wp\/v2\/pages\/1143","targetHints":{"allow":["GET"]}}],"collection":[{"href":"https:\/\/www.kulturelleserbe-rlp.de\/index.php?rest_route=\/wp\/v2\/pages"}],"about":[{"href":"https:\/\/www.kulturelleserbe-rlp.de\/index.php?rest_route=\/wp\/v2\/types\/page"}],"author":[{"embeddable":true,"href":"https:\/\/www.kulturelleserbe-rlp.de\/index.php?rest_route=\/wp\/v2\/users\/1"}],"replies":[{"embeddable":true,"href":"https:\/\/www.kulturelleserbe-rlp.de\/index.php?rest_route=%2Fwp%2Fv2%2Fcomments&post=1143"}],"version-history":[{"count":2,"href":"https:\/\/www.kulturelleserbe-rlp.de\/index.php?rest_route=\/wp\/v2\/pages\/1143\/revisions"}],"predecessor-version":[{"id":1147,"href":"https:\/\/www.kulturelleserbe-rlp.de\/index.php?rest_route=\/wp\/v2\/pages\/1143\/revisions\/1147"}],"wp:attachment":[{"href":"https:\/\/www.kulturelleserbe-rlp.de\/index.php?rest_route=%2Fwp%2Fv2%2Fmedia&parent=1143"}],"curies":[{"name":"wp","href":"https:\/\/api.w.org\/{rel}","templated":true}]}}

<p>Alfred Johannes Biegard kam am 18. Dezember 1923 in Herxheim in der Speiertsgasse 5 auf die Welt. Seine Eltern waren der Zigarrenmacher Franz Biegard und Barbara Vonderschmitt. Wenig ist uns über Alfred Biegard bekannt. Elfjährig wird er Mitglied in der Hitlerjugend. Als der Krieg begann und die schnellen Siege Deutschlands gegen Polen und Frankreich in weiten Bevölkerungskreisen Begeisterung hervorriefen, da zeigte auch Alfred Biegard Nähe zur nationalsozialistischen Regierung und wurde am 1. September 1941 mit der Mitgliedsnummer 8.579.429 Mitglied der NSDAP.</p>



<figure class="wp-block-audio"><audio controls src="https://www.kulturelleserbe-rlp.de/wp-content/uploads/2025/07/Alfred-Biegard.mp3"></audio></figure>



<p>Mit 19 Jahren musste er pflichtgemäß zum halbjährigen Dienst beim Reichsarbeitsdienst (RAD) antreten. Unmittelbar danach wurde er ab 14. April 1942 Soldat im Infanterie Ersatzbataillon 110 Mannheim, um schon bald darauf als Gefreiter an der Ostfront zum Einsatz zu kommen. Er erfuhr eine Auszeichnung mit dem Eisernen Kreuz zweiter Klasse. Zum Jahresende 1942 war der Winter erneut extrem kalt und der Roten Armee gelang es, der deutschen Heeresleitung das Konzept des Handelns zu nehmen und ihr das Konzept des Reagierens aufzuzwingen. Das war nicht nur im Falle von Stalingrad so, sondern auch im Mittelabschnitt der Ostfront, wo die 9. Armee in der Schlacht um Moskau zurückgeschlagen worden war und die Rote Armee in einer Reihe von Operationen versuchte, die nördlich und östlich von Rschew stehende deutsche Abwehr zu durchbrechen und die Divisionen der 9. Armee in diesem vorspringenden Frontbogen abzuschneiden und zu vernichten.  </p>



<figure class="wp-block-image aligncenter size-large is-resized"><img fetchpriority="high" decoding="async" width="594" height="1024" src="https://www.kulturelleserbe-rlp.de/wp-content/uploads/2025/07/Biegard-Alfred-594x1024.jpg" alt="" class="wp-image-1144" style="width:336px;height:auto" srcset="https://www.kulturelleserbe-rlp.de/wp-content/uploads/2025/07/Biegard-Alfred-594x1024.jpg 594w, https://www.kulturelleserbe-rlp.de/wp-content/uploads/2025/07/Biegard-Alfred-174x300.jpg 174w, https://www.kulturelleserbe-rlp.de/wp-content/uploads/2025/07/Biegard-Alfred-768x1323.jpg 768w, https://www.kulturelleserbe-rlp.de/wp-content/uploads/2025/07/Biegard-Alfred-892x1536.jpg 892w, https://www.kulturelleserbe-rlp.de/wp-content/uploads/2025/07/Biegard-Alfred.jpg 938w" sizes="(max-width: 594px) 100vw, 594px" /></figure>



<p><em>                                                   Sterbeanzeige Alfred Biegards (1942)</em>.</p>



<p>Zur 9. Armee scheint auch Alfred Biegards Einheit gehört zu haben. In diesen Tagen des Hin und Her verzeichnen die Deutschen zahlreiche Verluste. 60.000 deutsche Soldaten fanden in diesem Kämpfen den Tod. Alfred Biegard erhielt am 10. Dezember 1942 einen Bauchschuss und starb. Im Gedenkbuch der Kriegsgräberstätte Rshew in Russland ist sein Name verzeichnet. In Herxheim trauerten seine Eltern und ein uns bislang unbekannter Bruder um ihn.</p>



<p></p>



<p>(Dr. Klaus Eichenlaub)</p>

<p>Alfred Johannes Biegard kam am 18. Dezember 1923 in Herxheim in der Speiertsgasse 5 auf die Welt. Seine Eltern waren der Zigarrenmacher Franz Biegard und Barbara Vonderschmitt. Wenig ist uns über Alfred Biegard bekannt. Elfjährig wird er Mitglied in der Hitlerjugend. Als der Krieg begann und die schnellen Siege Deutschlands gegen Polen und Frankreich in [&hellip;]</p>
