{"id":1114,"date":"2025-06-27T07:00:37","date_gmt":"2025-06-27T07:00:37","guid":{"rendered":"https:\/\/www.kulturelleserbe-rlp.de\/?page_id=1114"},"modified":"2025-06-27T07:00:37","modified_gmt":"2025-06-27T07:00:37","slug":"august-beiner-1921-1942","status":"publish","type":"page","link":"https:\/\/www.kulturelleserbe-rlp.de\/?page_id=1114","title":{"rendered":"August Beiner (1921-1942)"},"content":{"rendered":"\n<p>August Beiner war der j\u00fcngste von vier S\u00f6hnen und das siebente von acht Kindern der Eheleute Michael Beiner und Anna geb. Rieder. Er kam am 9. August 1921 zur Welt. Das Elternhaus befand sich in der Stra\u00dfe Scharfeneck 16 in Herxheim. Sein Vater war&nbsp;Post-Betriebsassistent, also Postbote. Ihm oblag es u. a. w\u00e4hrend des Zweiten Weltkrieges, die Todesnachrichten von den Gefallenen an die Hinterbliebenen zu \u00fcberbringen.<\/p>\n\n\n\n<figure class=\"wp-block-audio\"><audio controls src=\"https:\/\/www.kulturelleserbe-rlp.de\/wp-content\/uploads\/2025\/06\/Beiner-August.mp3\"><\/audio><\/figure>\n\n\n\n<figure class=\"wp-block-image size-large\"><img fetchpriority=\"high\" decoding=\"async\" width=\"1024\" height=\"716\" src=\"https:\/\/www.kulturelleserbe-rlp.de\/wp-content\/uploads\/2025\/06\/Familienfoto-Adolf-3.-v.r-1024x716.jpg\" alt=\"\" class=\"wp-image-1109\" srcset=\"https:\/\/www.kulturelleserbe-rlp.de\/wp-content\/uploads\/2025\/06\/Familienfoto-Adolf-3.-v.r-1024x716.jpg 1024w, https:\/\/www.kulturelleserbe-rlp.de\/wp-content\/uploads\/2025\/06\/Familienfoto-Adolf-3.-v.r-300x210.jpg 300w, https:\/\/www.kulturelleserbe-rlp.de\/wp-content\/uploads\/2025\/06\/Familienfoto-Adolf-3.-v.r-768x537.jpg 768w, https:\/\/www.kulturelleserbe-rlp.de\/wp-content\/uploads\/2025\/06\/Familienfoto-Adolf-3.-v.r-1536x1075.jpg 1536w, https:\/\/www.kulturelleserbe-rlp.de\/wp-content\/uploads\/2025\/06\/Familienfoto-Adolf-3.-v.r-2048x1433.jpg 2048w\" sizes=\"(max-width: 1024px) 100vw, 1024px\" \/><\/figure>\n\n\n\n<p><em>                     Gruppenbild der Familie Beiner aus Herxheim. August steht ganz rechts. <\/em><\/p>\n\n\n\n<p>Zu Beginn des Krieges war August gerade 18 Jahre alt. Am 30. Oktober 1940 musste er als Arbeitsmann beim RAD im westpf\u00e4lzischen Niedersinten Dienst tun. Zu diesem Zeitpunkt waren seine drei \u00e4lteren Br\u00fcder Eduard, Ludwig und Adolf schon an der Front. Nach der Entlassung aus dem RAD (wahrscheinlich zum Jahresende 1940) blieb ihm nur wenig Zeit, bis er ab 4. Februar 1941 Soldat des 2. Infanterie Ersatzbataillon 352 Luxemburg\/Stadt wurde. Ab 1. August 1941, rund 6 Wochen nach dem Beginn des Russlandfeldzuges, kam auch sein Einsatz in Russland. Aus dieser Zeit ist eine Vielzahl von Briefen vom Feld an seine Eltern und Geschwister erhalten.\u00a0In einem Brief vom 17. April schreibt er: \u201eWenn ich vergangen euch um vieles bat; ich tat es nicht aus Lust. Es war meine knappe Zeit im Stellungskrieg. Ich versichere euch heute wieder, was ihr mir alles Gute getan, gemacht und f\u00fcr uns vier, f\u00fcr mich entbehrt, werde ich nie vergessen. Meine Belohnung lasse ich vorerst als kleinen Dank \u00fcberweisen. 375 Mark sind \u00fcberwiesen. Vielleicht zahlt unser Rechnungsf\u00fchrer wieder aus, dann sind es \u00fcber 500. Ich selbst freue mich doch so, wenigstens dieses Lastenkonto abtragen helfen zu k\u00f6nnen. Gerade jetzt im schwersten Kampf, weit von euch, als Soldat. Bald bin ich ja 21 Jahre alt, aber solange du, Vater, und du, Mutter, nicht sorglos leben k\u00f6nnt, werde ich nicht an mich denken.\u201c\u00a0 <\/p>\n\n\n\n<p>&nbsp;Am 10. Juni l\u00e4sst er im vorletzten Brief wissen: <em>\u201eHaben es noch sch\u00f6ner, wie in der letzten Stellung, nachts unsere Ruhe, keine Verantwortung, k\u00f6nnen uns pflegen und bin ich soweit noch gesund. Es ist nur schade, dass wir nicht zum Lesen oder sonst was haben. Schach spiele ich noch, das habe ich mir geschnitzt. Vom Krieg merken wir nur, wenn Flieger kommen. (\u2026) Bei der Verpflegung zur Zeit sind wir sehr zufrieden, bekommen Schokolade, Schnaps, Orangen usw. Bei Urlaub ist es noch nicht besser geworden. Parolen diesbez\u00fcglich gehen genug herum. Vielleicht habe ich mal das Gl\u00fcck, jetzt sind es \u00fcber 16 Monate, davon \u00fcber 9 in Russland.\u201c<br>&nbsp;<\/em>Die letzte Nachricht ist vom 27. Juni 1942 datiert. Als der Brief in der Heimat ankam, war August Beiner schon tot:<em> \u201eGott sei Dank habe ich noch nichts abbekommen und vorerst bin ich noch gesund.\u201c<\/em><\/p>\n\n\n\n<p>Seine Eltern hatten ihm viele P\u00e4ckchen mit \u201eZusatzverpflegung\u201c an die Front geschickt und waren, wie man den Briefen entnehmen kann auch flei\u00dfige Briefschreiber. August Beiners Bef\u00f6rderung zum Obersch\u00fctzen erfolgte am 1. M\u00e4rz 1942 und die zum Gefreiten am 1. Juni 1942. Am 21. November 1941 wurde er mit dem Infanteriesturmabzeichen und am 2. Juli 1942 (nach seinem Tode, sozusagen posthum) mit dem EK II ausgezeichnet.<\/p>\n\n\n\n<figure class=\"wp-block-image aligncenter size-large is-resized\"><img decoding=\"async\" width=\"769\" height=\"1024\" src=\"https:\/\/www.kulturelleserbe-rlp.de\/wp-content\/uploads\/2025\/06\/Beiner-August-Feldgrab-769x1024.jpg\" alt=\"\" class=\"wp-image-1118\" style=\"width:393px;height:auto\" srcset=\"https:\/\/www.kulturelleserbe-rlp.de\/wp-content\/uploads\/2025\/06\/Beiner-August-Feldgrab-769x1024.jpg 769w, https:\/\/www.kulturelleserbe-rlp.de\/wp-content\/uploads\/2025\/06\/Beiner-August-Feldgrab-225x300.jpg 225w, https:\/\/www.kulturelleserbe-rlp.de\/wp-content\/uploads\/2025\/06\/Beiner-August-Feldgrab-768x1022.jpg 768w, https:\/\/www.kulturelleserbe-rlp.de\/wp-content\/uploads\/2025\/06\/Beiner-August-Feldgrab.jpg 1040w\" sizes=\"(max-width: 769px) 100vw, 769px\" \/><\/figure>\n\n\n\n<p><em>                                   Feldgrab von August Beiner nahe einer Stra\u00dfe bei Sewastopol. <\/em><\/p>\n\n\n\n<p>Am 29. Juni 1942 wurde er durch einen Lungensteckschuss bei Sewastopol schwer verwundet. Tags darauf, morgens um 4 Uhr, wurde er auf dem Hauptverbandsplatz bei Sewastopol eingeliefert und starb drei Stunden sp\u00e4ter, morgens um 7 Uhr. Dazu schrieb der Oberstabsarzt an die Eltern:\u00a0\u201eTrotz aller nur m\u00f6glichen, sofort durchgef\u00fchrten \u00e4rztlichen Bem\u00fchungen ist es leider nicht mehr gelungen, das Leben ihres Sohnes zu retten. Er starb ohne Schmerzen, bewusstlos und ohne seine letzten Gr\u00fc\u00dfe und W\u00fcnsche zu \u00fcbermitteln, den Heldentod. (\u2026) Gefreiter August Beiner ist auf dem Heldenfriedhof 2 km nordwestlich Wernutka, an der Stra\u00dfe nach Sewastopol in einem Einzelgrab unter milit\u00e4rischen Ehren beigesetzt. Eine Aufnahme der Gedenkst\u00e4tte wird Ihnen nach Fertigstellungen zugeschickt.\u201c\u00a0<\/p>\n\n\n\n<figure class=\"wp-block-image aligncenter size-large is-resized\"><img decoding=\"async\" width=\"578\" height=\"1024\" src=\"https:\/\/www.kulturelleserbe-rlp.de\/wp-content\/uploads\/2025\/06\/Beiner-August-578x1024.jpg\" alt=\"\" class=\"wp-image-1117\" style=\"width:387px;height:auto\" srcset=\"https:\/\/www.kulturelleserbe-rlp.de\/wp-content\/uploads\/2025\/06\/Beiner-August-578x1024.jpg 578w, https:\/\/www.kulturelleserbe-rlp.de\/wp-content\/uploads\/2025\/06\/Beiner-August-169x300.jpg 169w, https:\/\/www.kulturelleserbe-rlp.de\/wp-content\/uploads\/2025\/06\/Beiner-August-768x1361.jpg 768w, https:\/\/www.kulturelleserbe-rlp.de\/wp-content\/uploads\/2025\/06\/Beiner-August-867x1536.jpg 867w, https:\/\/www.kulturelleserbe-rlp.de\/wp-content\/uploads\/2025\/06\/Beiner-August.jpg 912w\" sizes=\"(max-width: 578px) 100vw, 578px\" \/><\/figure>\n\n\n\n<p><em>                                                  Todesanzeige des August Beiner, 1942<\/em><\/p>\n\n\n\n<p>Nach Auskunft des Volksbundes Deutsche Kriegsgr\u00e4berf\u00fcrsorge wurden die irdischen \u00dcberreste von August Beiner sp\u00e4ter exhumiert und auf der Kriegsgr\u00e4berst\u00e4tte in Sewastopol &#8211; Gontscharnoje. Endgrablage: Block 2 Reihe 23 Grab 1603 beigesetzt. Zwei weitere Br\u00fcder von August Beiner kehrten nicht mehr aus dem Krieg zur\u00fcck. Er hat seinen 22. Geburtstag nicht mehr erlebt. Seine Br\u00fcder Eduard und Adolf fielen 1943. Familie Beiner hat es mit drei gefallenen S\u00f6hnen besonders schwer getroffen. Lediglich ihr Sohn Ludwig Beiner, der bei der Marine im Einsatz war, kehrte unversehrt zur\u00fcck und gab durch sein beispielhaftes Wirken im Amt und im Ehrenamt ein Beispiel daf\u00fcr, welche Kompetenzen die gefallenen Br\u00fcder mit ins Grab genommen haben.<\/p>\n\n\n\n<p><\/p>\n","protected":false},"excerpt":{"rendered":"<p>August Beiner war der j\u00fcngste von vier S\u00f6hnen und das siebente von acht Kindern der Eheleute Michael Beiner und Anna geb. Rieder. Er kam am 9. August 1921 zur Welt. Das Elternhaus befand sich in der Stra\u00dfe Scharfeneck 16 in Herxheim. Sein Vater war&nbsp;Post-Betriebsassistent, also Postbote. Ihm oblag es u. a. w\u00e4hrend des Zweiten Weltkrieges, [&hellip;]<\/p>\n","protected":false},"author":1,"featured_media":0,"parent":0,"menu_order":0,"comment_status":"closed","ping_status":"closed","template":"","meta":{"footnotes":""},"class_list":["post-1114","page","type-page","status-publish","hentry"],"_links":{"self":[{"href":"https:\/\/www.kulturelleserbe-rlp.de\/index.php?rest_route=\/wp\/v2\/pages\/1114","targetHints":{"allow":["GET"]}}],"collection":[{"href":"https:\/\/www.kulturelleserbe-rlp.de\/index.php?rest_route=\/wp\/v2\/pages"}],"about":[{"href":"https:\/\/www.kulturelleserbe-rlp.de\/index.php?rest_route=\/wp\/v2\/types\/page"}],"author":[{"embeddable":true,"href":"https:\/\/www.kulturelleserbe-rlp.de\/index.php?rest_route=\/wp\/v2\/users\/1"}],"replies":[{"embeddable":true,"href":"https:\/\/www.kulturelleserbe-rlp.de\/index.php?rest_route=%2Fwp%2Fv2%2Fcomments&post=1114"}],"version-history":[{"count":2,"href":"https:\/\/www.kulturelleserbe-rlp.de\/index.php?rest_route=\/wp\/v2\/pages\/1114\/revisions"}],"predecessor-version":[{"id":1119,"href":"https:\/\/www.kulturelleserbe-rlp.de\/index.php?rest_route=\/wp\/v2\/pages\/1114\/revisions\/1119"}],"wp:attachment":[{"href":"https:\/\/www.kulturelleserbe-rlp.de\/index.php?rest_route=%2Fwp%2Fv2%2Fmedia&parent=1114"}],"curies":[{"name":"wp","href":"https:\/\/api.w.org\/{rel}","templated":true}]}}

<p>August Beiner war der jüngste von vier Söhnen und das siebente von acht Kindern der Eheleute Michael Beiner und Anna geb. Rieder. Er kam am 9. August 1921 zur Welt. Das Elternhaus befand sich in der Straße Scharfeneck 16 in Herxheim. Sein Vater war&nbsp;Post-Betriebsassistent, also Postbote. Ihm oblag es u. a. während des Zweiten Weltkrieges, die Todesnachrichten von den Gefallenen an die Hinterbliebenen zu überbringen.</p>



<figure class="wp-block-audio"><audio controls src="https://www.kulturelleserbe-rlp.de/wp-content/uploads/2025/06/Beiner-August.mp3"></audio></figure>



<figure class="wp-block-image size-large"><img fetchpriority="high" decoding="async" width="1024" height="716" src="https://www.kulturelleserbe-rlp.de/wp-content/uploads/2025/06/Familienfoto-Adolf-3.-v.r-1024x716.jpg" alt="" class="wp-image-1109" srcset="https://www.kulturelleserbe-rlp.de/wp-content/uploads/2025/06/Familienfoto-Adolf-3.-v.r-1024x716.jpg 1024w, https://www.kulturelleserbe-rlp.de/wp-content/uploads/2025/06/Familienfoto-Adolf-3.-v.r-300x210.jpg 300w, https://www.kulturelleserbe-rlp.de/wp-content/uploads/2025/06/Familienfoto-Adolf-3.-v.r-768x537.jpg 768w, https://www.kulturelleserbe-rlp.de/wp-content/uploads/2025/06/Familienfoto-Adolf-3.-v.r-1536x1075.jpg 1536w, https://www.kulturelleserbe-rlp.de/wp-content/uploads/2025/06/Familienfoto-Adolf-3.-v.r-2048x1433.jpg 2048w" sizes="(max-width: 1024px) 100vw, 1024px" /></figure>



<p><em>                     Gruppenbild der Familie Beiner aus Herxheim. August steht ganz rechts. </em></p>



<p>Zu Beginn des Krieges war August gerade 18 Jahre alt. Am 30. Oktober 1940 musste er als Arbeitsmann beim RAD im westpfälzischen Niedersinten Dienst tun. Zu diesem Zeitpunkt waren seine drei älteren Brüder Eduard, Ludwig und Adolf schon an der Front. Nach der Entlassung aus dem RAD (wahrscheinlich zum Jahresende 1940) blieb ihm nur wenig Zeit, bis er ab 4. Februar 1941 Soldat des 2. Infanterie Ersatzbataillon 352 Luxemburg/Stadt wurde. Ab 1. August 1941, rund 6 Wochen nach dem Beginn des Russlandfeldzuges, kam auch sein Einsatz in Russland. Aus dieser Zeit ist eine Vielzahl von Briefen vom Feld an seine Eltern und Geschwister erhalten. In einem Brief vom 17. April schreibt er: „Wenn ich vergangen euch um vieles bat; ich tat es nicht aus Lust. Es war meine knappe Zeit im Stellungskrieg. Ich versichere euch heute wieder, was ihr mir alles Gute getan, gemacht und für uns vier, für mich entbehrt, werde ich nie vergessen. Meine Belohnung lasse ich vorerst als kleinen Dank überweisen. 375 Mark sind überwiesen. Vielleicht zahlt unser Rechnungsführer wieder aus, dann sind es über 500. Ich selbst freue mich doch so, wenigstens dieses Lastenkonto abtragen helfen zu können. Gerade jetzt im schwersten Kampf, weit von euch, als Soldat. Bald bin ich ja 21 Jahre alt, aber solange du, Vater, und du, Mutter, nicht sorglos leben könnt, werde ich nicht an mich denken.“  </p>



<p>&nbsp;Am 10. Juni lässt er im vorletzten Brief wissen: <em>„Haben es noch schöner, wie in der letzten Stellung, nachts unsere Ruhe, keine Verantwortung, können uns pflegen und bin ich soweit noch gesund. Es ist nur schade, dass wir nicht zum Lesen oder sonst was haben. Schach spiele ich noch, das habe ich mir geschnitzt. Vom Krieg merken wir nur, wenn Flieger kommen. (…) Bei der Verpflegung zur Zeit sind wir sehr zufrieden, bekommen Schokolade, Schnaps, Orangen usw. Bei Urlaub ist es noch nicht besser geworden. Parolen diesbezüglich gehen genug herum. Vielleicht habe ich mal das Glück, jetzt sind es über 16 Monate, davon über 9 in Russland.“<br>&nbsp;</em>Die letzte Nachricht ist vom 27. Juni 1942 datiert. Als der Brief in der Heimat ankam, war August Beiner schon tot:<em> „Gott sei Dank habe ich noch nichts abbekommen und vorerst bin ich noch gesund.“</em></p>



<p>Seine Eltern hatten ihm viele Päckchen mit „Zusatzverpflegung“ an die Front geschickt und waren, wie man den Briefen entnehmen kann auch fleißige Briefschreiber. August Beiners Beförderung zum Oberschützen erfolgte am 1. März 1942 und die zum Gefreiten am 1. Juni 1942. Am 21. November 1941 wurde er mit dem Infanteriesturmabzeichen und am 2. Juli 1942 (nach seinem Tode, sozusagen posthum) mit dem EK II ausgezeichnet.</p>



<figure class="wp-block-image aligncenter size-large is-resized"><img decoding="async" width="769" height="1024" src="https://www.kulturelleserbe-rlp.de/wp-content/uploads/2025/06/Beiner-August-Feldgrab-769x1024.jpg" alt="" class="wp-image-1118" style="width:393px;height:auto" srcset="https://www.kulturelleserbe-rlp.de/wp-content/uploads/2025/06/Beiner-August-Feldgrab-769x1024.jpg 769w, https://www.kulturelleserbe-rlp.de/wp-content/uploads/2025/06/Beiner-August-Feldgrab-225x300.jpg 225w, https://www.kulturelleserbe-rlp.de/wp-content/uploads/2025/06/Beiner-August-Feldgrab-768x1022.jpg 768w, https://www.kulturelleserbe-rlp.de/wp-content/uploads/2025/06/Beiner-August-Feldgrab.jpg 1040w" sizes="(max-width: 769px) 100vw, 769px" /></figure>



<p><em>                                   Feldgrab von August Beiner nahe einer Straße bei Sewastopol. </em></p>



<p>Am 29. Juni 1942 wurde er durch einen Lungensteckschuss bei Sewastopol schwer verwundet. Tags darauf, morgens um 4 Uhr, wurde er auf dem Hauptverbandsplatz bei Sewastopol eingeliefert und starb drei Stunden später, morgens um 7 Uhr. Dazu schrieb der Oberstabsarzt an die Eltern: „Trotz aller nur möglichen, sofort durchgeführten ärztlichen Bemühungen ist es leider nicht mehr gelungen, das Leben ihres Sohnes zu retten. Er starb ohne Schmerzen, bewusstlos und ohne seine letzten Grüße und Wünsche zu übermitteln, den Heldentod. (…) Gefreiter August Beiner ist auf dem Heldenfriedhof 2 km nordwestlich Wernutka, an der Straße nach Sewastopol in einem Einzelgrab unter militärischen Ehren beigesetzt. Eine Aufnahme der Gedenkstätte wird Ihnen nach Fertigstellungen zugeschickt.“ </p>



<figure class="wp-block-image aligncenter size-large is-resized"><img decoding="async" width="578" height="1024" src="https://www.kulturelleserbe-rlp.de/wp-content/uploads/2025/06/Beiner-August-578x1024.jpg" alt="" class="wp-image-1117" style="width:387px;height:auto" srcset="https://www.kulturelleserbe-rlp.de/wp-content/uploads/2025/06/Beiner-August-578x1024.jpg 578w, https://www.kulturelleserbe-rlp.de/wp-content/uploads/2025/06/Beiner-August-169x300.jpg 169w, https://www.kulturelleserbe-rlp.de/wp-content/uploads/2025/06/Beiner-August-768x1361.jpg 768w, https://www.kulturelleserbe-rlp.de/wp-content/uploads/2025/06/Beiner-August-867x1536.jpg 867w, https://www.kulturelleserbe-rlp.de/wp-content/uploads/2025/06/Beiner-August.jpg 912w" sizes="(max-width: 578px) 100vw, 578px" /></figure>



<p><em>                                                  Todesanzeige des August Beiner, 1942</em></p>



<p>Nach Auskunft des Volksbundes Deutsche Kriegsgräberfürsorge wurden die irdischen Überreste von August Beiner später exhumiert und auf der Kriegsgräberstätte in Sewastopol &#8211; Gontscharnoje. Endgrablage: Block 2 Reihe 23 Grab 1603 beigesetzt. Zwei weitere Brüder von August Beiner kehrten nicht mehr aus dem Krieg zurück. Er hat seinen 22. Geburtstag nicht mehr erlebt. Seine Brüder Eduard und Adolf fielen 1943. Familie Beiner hat es mit drei gefallenen Söhnen besonders schwer getroffen. Lediglich ihr Sohn Ludwig Beiner, der bei der Marine im Einsatz war, kehrte unversehrt zurück und gab durch sein beispielhaftes Wirken im Amt und im Ehrenamt ein Beispiel dafür, welche Kompetenzen die gefallenen Brüder mit ins Grab genommen haben.</p>



<p></p>

<p>August Beiner war der jüngste von vier Söhnen und das siebente von acht Kindern der Eheleute Michael Beiner und Anna geb. Rieder. Er kam am 9. August 1921 zur Welt. Das Elternhaus befand sich in der Straße Scharfeneck 16 in Herxheim. Sein Vater war&nbsp;Post-Betriebsassistent, also Postbote. Ihm oblag es u. a. während des Zweiten Weltkrieges, [&hellip;]</p>
